{"id":684,"date":"2025-12-22T09:10:56","date_gmt":"2025-12-22T09:10:56","guid":{"rendered":"https:\/\/efg-hammerbruecke.de\/wordpress\/?page_id=684"},"modified":"2025-12-22T09:10:56","modified_gmt":"2025-12-22T09:10:56","slug":"2025-12-maulwurfhaufen","status":"publish","type":"page","link":"https:\/\/efg-hammerbruecke.de\/wordpress\/?page_id=684","title":{"rendered":"2025-12 Maulwurfhaufen"},"content":{"rendered":"<p><img loading=\"lazy\" decoding=\"async\" class=\"alignnone size-full wp-image-685\" src=\"http:\/\/efg-hammerbruecke.de\/wordpress\/wp-content\/uploads\/2025\/12\/Bild1.jpg\" alt=\"\" width=\"1384\" height=\"640\" srcset=\"https:\/\/efg-hammerbruecke.de\/wordpress\/wp-content\/uploads\/2025\/12\/Bild1.jpg 1384w, https:\/\/efg-hammerbruecke.de\/wordpress\/wp-content\/uploads\/2025\/12\/Bild1-300x139.jpg 300w, https:\/\/efg-hammerbruecke.de\/wordpress\/wp-content\/uploads\/2025\/12\/Bild1-1024x474.jpg 1024w, https:\/\/efg-hammerbruecke.de\/wordpress\/wp-content\/uploads\/2025\/12\/Bild1-768x355.jpg 768w, https:\/\/efg-hammerbruecke.de\/wordpress\/wp-content\/uploads\/2025\/12\/Bild1-1200x555.jpg 1200w\" sizes=\"auto, (max-width: 709px) 85vw, (max-width: 909px) 67vw, (max-width: 1362px) 62vw, 840px\" \/><\/p>\n<p><strong>Maulwurfhaufen<\/strong><\/p>\n<p>Wer kennt sie nicht? \u2013 die Erderh\u00f6hungen, die auf einmal wie aus dem Nichts auftauchen. Zwar kann man versuchen, die Erde wieder tief zu dr\u00fccken oder weg zu bringen, doch meistens kommt der n\u00e4chste Maulwurfhaufen zum Vorschein. Der Grund daf\u00fcr ist, dass eigentlich nicht der Erdhaufen das Problem ist, sondern das tats\u00e4chliche Problem tiefer liegt.<\/p>\n<p>So ist es vergleichsweise auch mit uns Menschen. Oft \u00e4rgern wir uns \u00fcbereinander und sind wom\u00f6glich eifers\u00fcchtig auf andere. Vielleicht ist es der durchtrainierte K\u00f6rper, der berufliche Erfolg, die intakte Beziehung\/Ehe\/Familie oder auch das Auto, das Haus oder das Ansehen. Zuerst arbeitet der Neid unterbewusst und wird dann durch eine Folgereaktion nach au\u00dfen sichtbar: durch Zorn, Hass oder schlechtes Reden \u00fcbereinander. Im Inneren hatte man dabei dem anderen vorgeworfen, dass er daf\u00fcr verantwortlich sei, dass es ihm besser geht und mir schlechter\u2026<\/p>\n<p>In der Bibel wird uns verraten, was wir gegen solche \u201emenschlichen Maulwurfhaufen\u201c tun k\u00f6nnen: es ist Vergebung. Indem du jemanden vergibst, h\u00e4ltst du ihm n\u00e4mlich nichts mehr vor, sondern entscheidest dich, dass das \u00c4rgernis f\u00fcr dich keine Rolle mehr spielt.<\/p>\n<p>Wer sich entscheidet zu vergeben, heilt so nicht nur die zwischenmenschliche Beziehung, sondern findet auch inneren Frieden. Probiere es doch einmal aus!<\/p>\n<p>Mit diesem Gedanken w\u00fcnschen wir eine ruhige, besinnliche und friedvolle Weihnachtszeit!<\/p>\n<p>Stefan Vogel &amp; David Seidel<\/p>\n","protected":false},"excerpt":{"rendered":"<p>Maulwurfhaufen Wer kennt sie nicht? \u2013 die Erderh\u00f6hungen, die auf einmal wie aus dem Nichts auftauchen. Zwar kann man versuchen, die Erde wieder tief zu dr\u00fccken oder weg zu bringen, doch meistens kommt der n\u00e4chste Maulwurfhaufen zum Vorschein. Der Grund daf\u00fcr ist, dass eigentlich nicht der Erdhaufen das Problem ist, sondern das tats\u00e4chliche Problem tiefer &hellip; <a href=\"https:\/\/efg-hammerbruecke.de\/wordpress\/?page_id=684\" class=\"more-link\"><span class=\"screen-reader-text\">&#8222;2025-12 Maulwurfhaufen&#8220; <\/span>weiterlesen<\/a><\/p>\n","protected":false},"author":3,"featured_media":0,"parent":0,"menu_order":0,"comment_status":"closed","ping_status":"closed","template":"","meta":{"footnotes":""},"class_list":["post-684","page","type-page","status-publish","hentry"],"_links":{"self":[{"href":"https:\/\/efg-hammerbruecke.de\/wordpress\/index.php?rest_route=\/wp\/v2\/pages\/684","targetHints":{"allow":["GET"]}}],"collection":[{"href":"https:\/\/efg-hammerbruecke.de\/wordpress\/index.php?rest_route=\/wp\/v2\/pages"}],"about":[{"href":"https:\/\/efg-hammerbruecke.de\/wordpress\/index.php?rest_route=\/wp\/v2\/types\/page"}],"author":[{"embeddable":true,"href":"https:\/\/efg-hammerbruecke.de\/wordpress\/index.php?rest_route=\/wp\/v2\/users\/3"}],"replies":[{"embeddable":true,"href":"https:\/\/efg-hammerbruecke.de\/wordpress\/index.php?rest_route=%2Fwp%2Fv2%2Fcomments&post=684"}],"version-history":[{"count":1,"href":"https:\/\/efg-hammerbruecke.de\/wordpress\/index.php?rest_route=\/wp\/v2\/pages\/684\/revisions"}],"predecessor-version":[{"id":687,"href":"https:\/\/efg-hammerbruecke.de\/wordpress\/index.php?rest_route=\/wp\/v2\/pages\/684\/revisions\/687"}],"wp:attachment":[{"href":"https:\/\/efg-hammerbruecke.de\/wordpress\/index.php?rest_route=%2Fwp%2Fv2%2Fmedia&parent=684"}],"curies":[{"name":"wp","href":"https:\/\/api.w.org\/{rel}","templated":true}]}}