{"id":482,"date":"2024-02-03T07:09:30","date_gmt":"2024-02-03T07:09:30","guid":{"rendered":"https:\/\/efg-hammerbruecke.de\/wordpress\/?page_id=482"},"modified":"2024-02-03T07:09:30","modified_gmt":"2024-02-03T07:09:30","slug":"2023-02-freude-allianzgebetswoche","status":"publish","type":"page","link":"https:\/\/efg-hammerbruecke.de\/wordpress\/?page_id=482","title":{"rendered":"2023-02 &#8222;Freude&#8220; &#8211; Allianzgebetswoche"},"content":{"rendered":"<p>Vom 8. bis 15. Januar 2023 war es nun wieder so weit, dass wir uns ohne Einschr\u00e4nkungen als Allianzgemeinden zur diesj\u00e4hrigen Allianzgebetswoche in Muldenhammer treffen konnten.<\/p>\n<p>Das Thema, \u201eJoy, damit meine Freude sie ganz erf\u00fcllt\u201c gab wieder, was wir, die Christen aus der Kirchgemeinde Hammerbr\u00fccke, der Landeskirchlichen Gemeinschaft Hammerbr\u00fccke, der Christlichen Versammlung Muldenhammer und der Br\u00fcdergemeinde Hammerbr\u00fccke, empfanden, als wir uns zum Gebet trafen.<\/p>\n<p>Gleichzeitig war es aber auch herausfordernd, dieses Thema in unserer aktuellen Weltlage zu bedenken. Gibt es einen Grund sich zu freuen, mit dem Wissen, dass auf der Welt Menschen verhungern und verdursten, dass es in vielen Gebieten Krieg gibt, Menschen aus ihrer Heimat vertrieben wurden oder um ihr Leben f\u00fcrchten m\u00fcssen. Ja, und auch in Deutschland gibt es so manche Probleme, die einen die Freude rauben k\u00f6nnen, weil eine L\u00f6sung nicht in Sicht ist.<\/p>\n<p>Da war es gut, dass wir uns daran erinnerten, dass es eine Freude gibt, die ihren Ursprung in Gott hat. \u00dcber 300 mal als Verb oder Substantiv wird von dieser Freude in der Bibel gesprochen und so durften wir uns mit den verschiedenen Aspekten dieser Freude besch\u00e4ftigen. Von der Freude an der Sch\u00f6pfung bis zu der Freude, die einmal in der Ewigkeit nicht aufh\u00f6ren wird, gab es viele Impulse, die uns im allt\u00e4glichen Leben helfen k\u00f6nnen. Eine herausfordernde Aussage besch\u00e4ftigte uns am Samstag, \u201eFreude im Leid\u201c, ist das nicht ein Widerspruch in sich? Anhand von Beispielen von Menschen aus der Bibel, der Kirchengeschichte und von Lebensbildern von Christen kann man aber erkennen, es gibt diese von Gott geschenkte Freude, die wir mit der Erl\u00f6sung durch Jesus Christus geschenkt bekommen und die wir auch in leidvollen Situationen erleben k\u00f6nnen. Gest\u00e4rkt durch diese Impulse der Freude k\u00f6nnen wir nun froh in das Jahr 2023 gehen.<\/p>\n<p><em>Text \u00a9 Matthias Krippner <\/em><\/p>\n","protected":false},"excerpt":{"rendered":"<p>Vom 8. bis 15. Januar 2023 war es nun wieder so weit, dass wir uns ohne Einschr\u00e4nkungen als Allianzgemeinden zur diesj\u00e4hrigen Allianzgebetswoche in Muldenhammer treffen konnten. Das Thema, \u201eJoy, damit meine Freude sie ganz erf\u00fcllt\u201c gab wieder, was wir, die Christen aus der Kirchgemeinde Hammerbr\u00fccke, der Landeskirchlichen Gemeinschaft Hammerbr\u00fccke, der Christlichen Versammlung Muldenhammer und der &hellip; <a href=\"https:\/\/efg-hammerbruecke.de\/wordpress\/?page_id=482\" class=\"more-link\"><span class=\"screen-reader-text\">&#8222;2023-02 &#8222;Freude&#8220; &#8211; Allianzgebetswoche&#8220; <\/span>weiterlesen<\/a><\/p>\n","protected":false},"author":3,"featured_media":0,"parent":0,"menu_order":0,"comment_status":"closed","ping_status":"closed","template":"","meta":{"footnotes":""},"class_list":["post-482","page","type-page","status-publish","hentry"],"_links":{"self":[{"href":"https:\/\/efg-hammerbruecke.de\/wordpress\/index.php?rest_route=\/wp\/v2\/pages\/482","targetHints":{"allow":["GET"]}}],"collection":[{"href":"https:\/\/efg-hammerbruecke.de\/wordpress\/index.php?rest_route=\/wp\/v2\/pages"}],"about":[{"href":"https:\/\/efg-hammerbruecke.de\/wordpress\/index.php?rest_route=\/wp\/v2\/types\/page"}],"author":[{"embeddable":true,"href":"https:\/\/efg-hammerbruecke.de\/wordpress\/index.php?rest_route=\/wp\/v2\/users\/3"}],"replies":[{"embeddable":true,"href":"https:\/\/efg-hammerbruecke.de\/wordpress\/index.php?rest_route=%2Fwp%2Fv2%2Fcomments&post=482"}],"version-history":[{"count":1,"href":"https:\/\/efg-hammerbruecke.de\/wordpress\/index.php?rest_route=\/wp\/v2\/pages\/482\/revisions"}],"predecessor-version":[{"id":484,"href":"https:\/\/efg-hammerbruecke.de\/wordpress\/index.php?rest_route=\/wp\/v2\/pages\/482\/revisions\/484"}],"wp:attachment":[{"href":"https:\/\/efg-hammerbruecke.de\/wordpress\/index.php?rest_route=%2Fwp%2Fv2%2Fmedia&parent=482"}],"curies":[{"name":"wp","href":"https:\/\/api.w.org\/{rel}","templated":true}]}}

<p>Vom 8. bis 15. Januar 2023 war es nun wieder so weit, dass wir uns ohne Einschränkungen als Allianzgemeinden zur diesjährigen Allianzgebetswoche in Muldenhammer treffen konnten.</p>
<p>Das Thema, „Joy, damit meine Freude sie ganz erfüllt“ gab wieder, was wir, die Christen aus der Kirchgemeinde Hammerbrücke, der Landeskirchlichen Gemeinschaft Hammerbrücke, der Christlichen Versammlung Muldenhammer und der Brüdergemeinde Hammerbrücke, empfanden, als wir uns zum Gebet trafen.</p>
<p>Gleichzeitig war es aber auch herausfordernd, dieses Thema in unserer aktuellen Weltlage zu bedenken. Gibt es einen Grund sich zu freuen, mit dem Wissen, dass auf der Welt Menschen verhungern und verdursten, dass es in vielen Gebieten Krieg gibt, Menschen aus ihrer Heimat vertrieben wurden oder um ihr Leben fürchten müssen. Ja, und auch in Deutschland gibt es so manche Probleme, die einen die Freude rauben können, weil eine Lösung nicht in Sicht ist.</p>
<p>Da war es gut, dass wir uns daran erinnerten, dass es eine Freude gibt, die ihren Ursprung in Gott hat. Über 300 mal als Verb oder Substantiv wird von dieser Freude in der Bibel gesprochen und so durften wir uns mit den verschiedenen Aspekten dieser Freude beschäftigen. Von der Freude an der Schöpfung bis zu der Freude, die einmal in der Ewigkeit nicht aufhören wird, gab es viele Impulse, die uns im alltäglichen Leben helfen können. Eine herausfordernde Aussage beschäftigte uns am Samstag, „Freude im Leid“, ist das nicht ein Widerspruch in sich? Anhand von Beispielen von Menschen aus der Bibel, der Kirchengeschichte und von Lebensbildern von Christen kann man aber erkennen, es gibt diese von Gott geschenkte Freude, die wir mit der Erlösung durch Jesus Christus geschenkt bekommen und die wir auch in leidvollen Situationen erleben können. Gestärkt durch diese Impulse der Freude können wir nun froh in das Jahr 2023 gehen.</p>
<p><em>Text © Matthias Krippner </em></p>

<p>Vom 8. bis 15. Januar 2023 war es nun wieder so weit, dass wir uns ohne Einschränkungen als Allianzgemeinden zur diesjährigen Allianzgebetswoche in Muldenhammer treffen konnten. Das Thema, „Joy, damit meine Freude sie ganz erfüllt“ gab wieder, was wir, die Christen aus der Kirchgemeinde Hammerbrücke, der Landeskirchlichen Gemeinschaft Hammerbrücke, der Christlichen Versammlung Muldenhammer und der &hellip; <a href="https://efg-hammerbruecke.de/wordpress/?page_id=482" class="more-link"><span class="screen-reader-text">&#8222;2023-02 &#8222;Freude&#8220; &#8211; Allianzgebetswoche&#8220; </span>weiterlesen</a></p>
