{"id":408,"date":"2021-10-15T11:43:41","date_gmt":"2021-10-15T11:43:41","guid":{"rendered":"https:\/\/efg-hammerbruecke.de\/wordpress\/?page_id=408"},"modified":"2021-10-15T11:43:41","modified_gmt":"2021-10-15T11:43:41","slug":"2021-09-wasserkraft","status":"publish","type":"page","link":"https:\/\/efg-hammerbruecke.de\/wordpress\/?page_id=408","title":{"rendered":"2021-09 WASSERKRAFT"},"content":{"rendered":"<p><span dir=\"ltr\" role=\"presentation\">Eine kleine Sehensw\u00fcrdigkeit an der Radiumquelle in Hammerbr\u00fccke:<\/span><\/p>\n<p><img loading=\"lazy\" decoding=\"async\" class=\"alignnone size-full wp-image-409\" src=\"http:\/\/efg-hammerbruecke.de\/wordpress\/wp-content\/uploads\/2021\/10\/asdsad-scaled.jpg\" alt=\"\" width=\"2560\" height=\"1997\" srcset=\"https:\/\/efg-hammerbruecke.de\/wordpress\/wp-content\/uploads\/2021\/10\/asdsad-scaled.jpg 2560w, https:\/\/efg-hammerbruecke.de\/wordpress\/wp-content\/uploads\/2021\/10\/asdsad-300x234.jpg 300w, https:\/\/efg-hammerbruecke.de\/wordpress\/wp-content\/uploads\/2021\/10\/asdsad-1024x799.jpg 1024w, https:\/\/efg-hammerbruecke.de\/wordpress\/wp-content\/uploads\/2021\/10\/asdsad-768x599.jpg 768w, https:\/\/efg-hammerbruecke.de\/wordpress\/wp-content\/uploads\/2021\/10\/asdsad-1536x1198.jpg 1536w, https:\/\/efg-hammerbruecke.de\/wordpress\/wp-content\/uploads\/2021\/10\/asdsad-2048x1598.jpg 2048w, https:\/\/efg-hammerbruecke.de\/wordpress\/wp-content\/uploads\/2021\/10\/asdsad-1200x936.jpg 1200w\" sizes=\"auto, (max-width: 709px) 85vw, (max-width: 909px) 67vw, (max-width: 1362px) 62vw, 840px\" \/><\/p>\n<p><span dir=\"ltr\" role=\"presentation\">16 junge Leute im Alter zwischen 10 und 14 Jahren betreuten das Areal, <br role=\"presentation\" \/>mit freundlicher Genehmigung vom Sachsenforst Sch\u00f6neck (Forstbezirk <br role=\"presentation\" \/>Adorf). Sie treffen sich w\u00f6chentlich freitags 17:00 Uhr in unserem <br role=\"presentation\" \/>Gemeindehaus, lernen aus biblischen Texten und arbeiten an praktischen <br role=\"presentation\" \/>Projekten. Am letzten Schultag vor den Sommerferien 2021, ging am <br role=\"presentation\" \/>Thierberg die Technik eines oberl\u00e4ufigen Wasserrades unter Anleitung <br role=\"presentation\" \/>sachkundiger Mitarbeiter der EFG in Betrieb. <br role=\"presentation\" \/>Nach der Ver\u00f6ffentlichung von Dipl. Ing. Bernd Laquai (vom 10.05.2017), <br role=\"presentation\" \/>l\u00e4sst sich an dieser Quelle viel Radon (radioaktives Edelgas), aber wenig <br role=\"presentation\" \/>Radium (radioaktives Element) nachweisen. Die polnische Physikerin Marie<br role=\"presentation\" \/>Curie (1867-1934) hat die geheimnisvolle Kraft der Radioaktivit\u00e4t entdeckt<br role=\"presentation\" \/>und erfolgreich zur Behandlung von Krankheiten eingesetzt. Es entstanden<br role=\"presentation\" \/>noble Kurb\u00e4der, wo viel Geld verdient wurde. Erst nach einer <br role=\"presentation\" \/>Langzeitbeobachtung bemerkte man auch dramatische Folgesch\u00e4den <br role=\"presentation\" \/>dieser unsichtbaren Strahlung. Es dauerte jedoch viel zu lange, bis die <br role=\"presentation\" \/>Verantwortlichen der Regierung (auch die in der DDR) die Zusammenh\u00e4nge <br role=\"presentation\" \/>zugaben. Eine abschlie\u00dfende Bewertung ist umstritten. Die kurtaugliche <br role=\"presentation\" \/>Qualit\u00e4t unserer Quelle in Hammerbr\u00fccke blieb f\u00fcr eine Vermarktung <br role=\"presentation\" \/>unter \u00e4rztlicher Betreuung bis jetzt unentdeckt. Kinder und schwangere <br role=\"presentation\" \/>Frauen sollten vorsorglich den dauerhaften Kontakt meiden. (Wikipedia)<br role=\"presentation\" \/>Die Wasserkraft wird in allen Kulturen auch technisch und therapeutisch <br role=\"presentation\" \/>angewendet. Die Bibel verwendet das Wort \u201eWasser\u201c als bildliche <br role=\"presentation\" \/>\u00dcbertragung (Metapher) f\u00fcr eine heilende Kraft zum Leben, die nicht nur <br role=\"presentation\" \/>R\u00e4der bewegt.<\/span><span dir=\"ltr\" role=\"presentation\"><br \/>\n<\/span><\/p>\n<p><span dir=\"ltr\" role=\"presentation\">So lesen wir die Worte von Jesus Christus, unserem Herrn, <\/span><span dir=\"ltr\" role=\"presentation\">in Offb. 21,17: <\/span><br role=\"presentation\" \/><span dir=\"ltr\" role=\"presentation\">\u201eWer da will, nehme das Wasser des Lebens umsonst!\u201c<\/span><br role=\"presentation\" \/><span dir=\"ltr\" role=\"presentation\">Hier geht es mal nicht um Geld, sondern um freiwilliges Vertrauen.<\/span><\/p>\n<p><em>Text \u00a9 <a href=\"https:\/\/efg-hammerbruecke.de\/wordpress\/johannes@pucklitzsch.net\">Johannes Puklitzsch<\/a><\/em><\/p>\n","protected":false},"excerpt":{"rendered":"<p>Eine kleine Sehensw\u00fcrdigkeit an der Radiumquelle in Hammerbr\u00fccke: 16 junge Leute im Alter zwischen 10 und 14 Jahren betreuten das Areal, mit freundlicher Genehmigung vom Sachsenforst Sch\u00f6neck (Forstbezirk Adorf). Sie treffen sich w\u00f6chentlich freitags 17:00 Uhr in unserem Gemeindehaus, lernen aus biblischen Texten und arbeiten an praktischen Projekten. Am letzten Schultag vor den Sommerferien 2021, &hellip; <a href=\"https:\/\/efg-hammerbruecke.de\/wordpress\/?page_id=408\" class=\"more-link\"><span class=\"screen-reader-text\">&#8222;2021-09 WASSERKRAFT&#8220; <\/span>weiterlesen<\/a><\/p>\n","protected":false},"author":3,"featured_media":0,"parent":0,"menu_order":0,"comment_status":"closed","ping_status":"closed","template":"","meta":{"footnotes":""},"class_list":["post-408","page","type-page","status-publish","hentry"],"_links":{"self":[{"href":"https:\/\/efg-hammerbruecke.de\/wordpress\/index.php?rest_route=\/wp\/v2\/pages\/408","targetHints":{"allow":["GET"]}}],"collection":[{"href":"https:\/\/efg-hammerbruecke.de\/wordpress\/index.php?rest_route=\/wp\/v2\/pages"}],"about":[{"href":"https:\/\/efg-hammerbruecke.de\/wordpress\/index.php?rest_route=\/wp\/v2\/types\/page"}],"author":[{"embeddable":true,"href":"https:\/\/efg-hammerbruecke.de\/wordpress\/index.php?rest_route=\/wp\/v2\/users\/3"}],"replies":[{"embeddable":true,"href":"https:\/\/efg-hammerbruecke.de\/wordpress\/index.php?rest_route=%2Fwp%2Fv2%2Fcomments&post=408"}],"version-history":[{"count":1,"href":"https:\/\/efg-hammerbruecke.de\/wordpress\/index.php?rest_route=\/wp\/v2\/pages\/408\/revisions"}],"predecessor-version":[{"id":411,"href":"https:\/\/efg-hammerbruecke.de\/wordpress\/index.php?rest_route=\/wp\/v2\/pages\/408\/revisions\/411"}],"wp:attachment":[{"href":"https:\/\/efg-hammerbruecke.de\/wordpress\/index.php?rest_route=%2Fwp%2Fv2%2Fmedia&parent=408"}],"curies":[{"name":"wp","href":"https:\/\/api.w.org\/{rel}","templated":true}]}}