{"id":399,"date":"2021-09-17T09:37:19","date_gmt":"2021-09-17T09:37:19","guid":{"rendered":"https:\/\/efg-hammerbruecke.de\/wordpress\/?page_id=399"},"modified":"2021-09-17T09:38:51","modified_gmt":"2021-09-17T09:38:51","slug":"2021-08-apokalyps","status":"publish","type":"page","link":"https:\/\/efg-hammerbruecke.de\/wordpress\/?page_id=399","title":{"rendered":"2021-08 APOKALYPSE"},"content":{"rendered":"<p>Zunehmend werden uns be\u00e4ngstigende Ereignisse mit \u201ebiblischen Ausma\u00dfen\u201c geschildert. Dazu geh\u00f6ren u.a. die Folgen von Flutkatastrophen, Hitzewellen, Klimawandel, Heuschreckenplagen, Finanzkrisen oder Infektionszahlen. Schon in der fr\u00fchen antiken Literatur, wird dieses o.g. griechische Wort f\u00fcr die \u201eEnth\u00fcllung\u201c g\u00f6ttlichen Wissens verwendet. In der Bibel finden wir es im Zusammenhang mit unvorstellbaren Ereignissen, in denen wir Gottes Handeln erkennen (Gottes Geheimnisse durch Propheten enth\u00fcllt, Amos 3,7). Es steht f\u00fcr eine katastrophale Zeitenwende und f\u00fcr Gottes Gericht (Wikipedia). Tats\u00e4chlich tr\u00e4gt auch das letzte neutestamentliche Buch der Bibel in seiner lateinischen \u00dcbersetzung diesen Namen (deutsch: Offenbarung; geschriebenca. 90 -95 u.Z.). Es war wieder einmal die Zeit gro\u00dfer Repressalien (d.h. Druck und Zwangsma\u00dfnahmen der Regierung, um staatliche Anordnungen f\u00fcr ver\u00e4ngstigte Untertanen zu erzwingen). Darunter hatten auch die jungen, christlichen Gemeinden zu leiden (Kaiserkult, der keinen Widerspruch duldet). Hier f\u00e4llt der Zuspruch aus Offb. 2,10 auf: \u201eSei getreu bis in den Tod, so werde ich dir die Krone des Lebens geben (lat. Corona Vita).\u201c Bereits Julius C\u00e4sar (100- 44v.u.Z) machte f\u00fcr sich aus der republikanischen \u201eKrone\u201c einen Siegeskranz (Girlande), um damit vermutlich seine zunehmende Glatze besser zu \u00fcberdecken. Unter der traurigen Ber\u00fchmtheit des lateinischen Namens finden wir heute in Deutschland immerhin noch ein Zentrum f\u00fcr Massenimpfung.<\/p>\n<p>Die Bibel verbindet mit \u201eApokalypse\u201c eine Zuversicht. In der Verwirrung untergehender Ordnungen, konzentriert sie die Erwartung auf Jesus Christus, unseren auferstandenen Herrn, mit seiner Zusage: \u201eJa! Ich komme bald.\u201c (Offb.23,20)\u201eWenn aber diese Dinge anfangen zu geschehen, so blickt auf und hebt eure H\u00e4upter empor (Kopf hoch!), weil eure Erl\u00f6sung naht!\u201c (Bibelzitat aus Lukas 21,28) Damit ist keine kalendarische Zeitangabe verbunden, aber eine Ermutigung die uns tats\u00e4chlich von der Angst befreit!<\/p>\n<p><em>Text \u00a9 <a href=\"https:\/\/efg-hammerbruecke.de\/wordpress\/johannes@pucklitzsch.net\">Johannes Puklitzsch<\/a><\/em><\/p>\n","protected":false},"excerpt":{"rendered":"<p>Zunehmend werden uns be\u00e4ngstigende Ereignisse mit \u201ebiblischen Ausma\u00dfen\u201c geschildert. Dazu geh\u00f6ren u.a. die Folgen von Flutkatastrophen, Hitzewellen, Klimawandel, Heuschreckenplagen, Finanzkrisen oder Infektionszahlen. Schon in der fr\u00fchen antiken Literatur, wird dieses o.g. griechische Wort f\u00fcr die \u201eEnth\u00fcllung\u201c g\u00f6ttlichen Wissens verwendet. In der Bibel finden wir es im Zusammenhang mit unvorstellbaren Ereignissen, in denen wir Gottes Handeln &hellip; <a href=\"https:\/\/efg-hammerbruecke.de\/wordpress\/?page_id=399\" class=\"more-link\"><span class=\"screen-reader-text\">&#8222;2021-08 APOKALYPSE&#8220; <\/span>weiterlesen<\/a><\/p>\n","protected":false},"author":3,"featured_media":0,"parent":0,"menu_order":0,"comment_status":"closed","ping_status":"closed","template":"","meta":{"footnotes":""},"class_list":["post-399","page","type-page","status-publish","hentry"],"_links":{"self":[{"href":"https:\/\/efg-hammerbruecke.de\/wordpress\/index.php?rest_route=\/wp\/v2\/pages\/399","targetHints":{"allow":["GET"]}}],"collection":[{"href":"https:\/\/efg-hammerbruecke.de\/wordpress\/index.php?rest_route=\/wp\/v2\/pages"}],"about":[{"href":"https:\/\/efg-hammerbruecke.de\/wordpress\/index.php?rest_route=\/wp\/v2\/types\/page"}],"author":[{"embeddable":true,"href":"https:\/\/efg-hammerbruecke.de\/wordpress\/index.php?rest_route=\/wp\/v2\/users\/3"}],"replies":[{"embeddable":true,"href":"https:\/\/efg-hammerbruecke.de\/wordpress\/index.php?rest_route=%2Fwp%2Fv2%2Fcomments&post=399"}],"version-history":[{"count":2,"href":"https:\/\/efg-hammerbruecke.de\/wordpress\/index.php?rest_route=\/wp\/v2\/pages\/399\/revisions"}],"predecessor-version":[{"id":402,"href":"https:\/\/efg-hammerbruecke.de\/wordpress\/index.php?rest_route=\/wp\/v2\/pages\/399\/revisions\/402"}],"wp:attachment":[{"href":"https:\/\/efg-hammerbruecke.de\/wordpress\/index.php?rest_route=%2Fwp%2Fv2%2Fmedia&parent=399"}],"curies":[{"name":"wp","href":"https:\/\/api.w.org\/{rel}","templated":true}]}}

<p>Zunehmend werden uns beängstigende Ereignisse mit „biblischen Ausmaßen“ geschildert. Dazu gehören u.a. die Folgen von Flutkatastrophen, Hitzewellen, Klimawandel, Heuschreckenplagen, Finanzkrisen oder Infektionszahlen. Schon in der frühen antiken Literatur, wird dieses o.g. griechische Wort für die „Enthüllung“ göttlichen Wissens verwendet. In der Bibel finden wir es im Zusammenhang mit unvorstellbaren Ereignissen, in denen wir Gottes Handeln erkennen (Gottes Geheimnisse durch Propheten enthüllt, Amos 3,7). Es steht für eine katastrophale Zeitenwende und für Gottes Gericht (Wikipedia). Tatsächlich trägt auch das letzte neutestamentliche Buch der Bibel in seiner lateinischen Übersetzung diesen Namen (deutsch: Offenbarung; geschriebenca. 90 -95 u.Z.). Es war wieder einmal die Zeit großer Repressalien (d.h. Druck und Zwangsmaßnahmen der Regierung, um staatliche Anordnungen für verängstigte Untertanen zu erzwingen). Darunter hatten auch die jungen, christlichen Gemeinden zu leiden (Kaiserkult, der keinen Widerspruch duldet). Hier fällt der Zuspruch aus Offb. 2,10 auf: „Sei getreu bis in den Tod, so werde ich dir die Krone des Lebens geben (lat. Corona Vita).“ Bereits Julius Cäsar (100- 44v.u.Z) machte für sich aus der republikanischen „Krone“ einen Siegeskranz (Girlande), um damit vermutlich seine zunehmende Glatze besser zu überdecken. Unter der traurigen Berühmtheit des lateinischen Namens finden wir heute in Deutschland immerhin noch ein Zentrum für Massenimpfung.</p>
<p>Die Bibel verbindet mit „Apokalypse“ eine Zuversicht. In der Verwirrung untergehender Ordnungen, konzentriert sie die Erwartung auf Jesus Christus, unseren auferstandenen Herrn, mit seiner Zusage: „Ja! Ich komme bald.“ (Offb.23,20)„Wenn aber diese Dinge anfangen zu geschehen, so blickt auf und hebt eure Häupter empor (Kopf hoch!), weil eure Erlösung naht!“ (Bibelzitat aus Lukas 21,28) Damit ist keine kalendarische Zeitangabe verbunden, aber eine Ermutigung die uns tatsächlich von der Angst befreit!</p>
<p><em>Text © <a href="https://efg-hammerbruecke.de/wordpress/johannes@pucklitzsch.net">Johannes Puklitzsch</a></em></p>

<p>Zunehmend werden uns beängstigende Ereignisse mit „biblischen Ausmaßen“ geschildert. Dazu gehören u.a. die Folgen von Flutkatastrophen, Hitzewellen, Klimawandel, Heuschreckenplagen, Finanzkrisen oder Infektionszahlen. Schon in der frühen antiken Literatur, wird dieses o.g. griechische Wort für die „Enthüllung“ göttlichen Wissens verwendet. In der Bibel finden wir es im Zusammenhang mit unvorstellbaren Ereignissen, in denen wir Gottes Handeln &hellip; <a href="https://efg-hammerbruecke.de/wordpress/?page_id=399" class="more-link"><span class="screen-reader-text">&#8222;2021-08 APOKALYPSE&#8220; </span>weiterlesen</a></p>
