{"id":395,"date":"2021-08-16T13:12:45","date_gmt":"2021-08-16T13:12:45","guid":{"rendered":"https:\/\/efg-hammerbruecke.de\/wordpress\/?page_id=395"},"modified":"2021-08-16T13:12:45","modified_gmt":"2021-08-16T13:12:45","slug":"2021-07-beten-und-denken","status":"publish","type":"page","link":"https:\/\/efg-hammerbruecke.de\/wordpress\/?page_id=395","title":{"rendered":"2021-07 BETEN und DENKEN"},"content":{"rendered":"<p>Der schottische Wirtschaftspr\u00fcfer Bruce Marshall, lebte von 1899 bis 1987 zun\u00e4chst in Schottland, dann als Schriftsteller weiter in Frankreich. Im 1. Weltkrieg wurde er schwer verwundet. Ein Bein musste amputiert werden. \u00dcber den Zusammenhang zwischen beten und denken beklagt er folgende Beobachtung:\u201eDas Ungl\u00fcck dieser Welt besteht darin, dass die, die beten nicht denken und die, die denken, nicht beten.\u201cBeten ist f\u00fcr gl\u00e4ubige (!) Christen in unterschiedlicher Form seit 2.000 Jahren eine bew\u00e4hrte und vertrauensvolle Hinwendung zu Gott. Seine umfassende Gegenwart \u00fcbersteigt dabei unsere begrenzte Vorstellungskraft. Wir beten zu Gott mit einer Kraft des Glaubens. Wir vertrauen IHM, auch wenn wir IHN jetzt nicht sehen- (die Bibel in 1. Petr.1,8). Bei dieser Hinwendung brauchen wir unsere F\u00e4higkeit zum Denken und Urteilen nicht vernachl\u00e4ssigen- (Lk. 10, 27 \u201e &#8230; mit ganzer Kraft und ganzem Verstand\u201c)! Mediale \u201eGebetsm\u00fchlen\u201c verbreiten t\u00e4glich viel Angst und Verwirrung, sind ohne Verstand und blockieren das eigene Denken \u00fcber Wahrheit und L\u00fcge, \u00fcber Schuld und S\u00fcnde, \u00fcber Vergebung und Gott. Deutschland (und die ganze Welt) braucht nicht nur im Wahljahr 2021 hoffnungsvolle Beter, die noch selbst denken und mutige Denker, die noch selbst beten!<\/p>\n<p>Das Bibelzitat aus Jeremia 29,7:\u201eSuchet der Stadt Bestes (Denken) und betet f\u00fcr sie zum Herrn (Beten), denn wenn es ihr wohl geht, so geht es euch auch wohl.\u201c<\/p>\n<p><em>Text \u00a9 <a href=\"https:\/\/efg-hammerbruecke.de\/wordpress\/johannes@pucklitzsch.net\">Johannes Puklitzsch<\/a><\/em><\/p>\n","protected":false},"excerpt":{"rendered":"<p>Der schottische Wirtschaftspr\u00fcfer Bruce Marshall, lebte von 1899 bis 1987 zun\u00e4chst in Schottland, dann als Schriftsteller weiter in Frankreich. Im 1. Weltkrieg wurde er schwer verwundet. Ein Bein musste amputiert werden. \u00dcber den Zusammenhang zwischen beten und denken beklagt er folgende Beobachtung:\u201eDas Ungl\u00fcck dieser Welt besteht darin, dass die, die beten nicht denken und die, &hellip; <a href=\"https:\/\/efg-hammerbruecke.de\/wordpress\/?page_id=395\" class=\"more-link\"><span class=\"screen-reader-text\">&#8222;2021-07 BETEN und DENKEN&#8220; <\/span>weiterlesen<\/a><\/p>\n","protected":false},"author":3,"featured_media":0,"parent":0,"menu_order":0,"comment_status":"closed","ping_status":"closed","template":"","meta":{"footnotes":""},"class_list":["post-395","page","type-page","status-publish","hentry"],"_links":{"self":[{"href":"https:\/\/efg-hammerbruecke.de\/wordpress\/index.php?rest_route=\/wp\/v2\/pages\/395","targetHints":{"allow":["GET"]}}],"collection":[{"href":"https:\/\/efg-hammerbruecke.de\/wordpress\/index.php?rest_route=\/wp\/v2\/pages"}],"about":[{"href":"https:\/\/efg-hammerbruecke.de\/wordpress\/index.php?rest_route=\/wp\/v2\/types\/page"}],"author":[{"embeddable":true,"href":"https:\/\/efg-hammerbruecke.de\/wordpress\/index.php?rest_route=\/wp\/v2\/users\/3"}],"replies":[{"embeddable":true,"href":"https:\/\/efg-hammerbruecke.de\/wordpress\/index.php?rest_route=%2Fwp%2Fv2%2Fcomments&post=395"}],"version-history":[{"count":1,"href":"https:\/\/efg-hammerbruecke.de\/wordpress\/index.php?rest_route=\/wp\/v2\/pages\/395\/revisions"}],"predecessor-version":[{"id":397,"href":"https:\/\/efg-hammerbruecke.de\/wordpress\/index.php?rest_route=\/wp\/v2\/pages\/395\/revisions\/397"}],"wp:attachment":[{"href":"https:\/\/efg-hammerbruecke.de\/wordpress\/index.php?rest_route=%2Fwp%2Fv2%2Fmedia&parent=395"}],"curies":[{"name":"wp","href":"https:\/\/api.w.org\/{rel}","templated":true}]}}

<p>Der schottische Wirtschaftsprüfer Bruce Marshall, lebte von 1899 bis 1987 zunächst in Schottland, dann als Schriftsteller weiter in Frankreich. Im 1. Weltkrieg wurde er schwer verwundet. Ein Bein musste amputiert werden. Über den Zusammenhang zwischen beten und denken beklagt er folgende Beobachtung:„Das Unglück dieser Welt besteht darin, dass die, die beten nicht denken und die, die denken, nicht beten.“Beten ist für gläubige (!) Christen in unterschiedlicher Form seit 2.000 Jahren eine bewährte und vertrauensvolle Hinwendung zu Gott. Seine umfassende Gegenwart übersteigt dabei unsere begrenzte Vorstellungskraft. Wir beten zu Gott mit einer Kraft des Glaubens. Wir vertrauen IHM, auch wenn wir IHN jetzt nicht sehen- (die Bibel in 1. Petr.1,8). Bei dieser Hinwendung brauchen wir unsere Fähigkeit zum Denken und Urteilen nicht vernachlässigen- (Lk. 10, 27 „ &#8230; mit ganzer Kraft und ganzem Verstand“)! Mediale „Gebetsmühlen“ verbreiten täglich viel Angst und Verwirrung, sind ohne Verstand und blockieren das eigene Denken über Wahrheit und Lüge, über Schuld und Sünde, über Vergebung und Gott. Deutschland (und die ganze Welt) braucht nicht nur im Wahljahr 2021 hoffnungsvolle Beter, die noch selbst denken und mutige Denker, die noch selbst beten!</p>
<p>Das Bibelzitat aus Jeremia 29,7:„Suchet der Stadt Bestes (Denken) und betet für sie zum Herrn (Beten), denn wenn es ihr wohl geht, so geht es euch auch wohl.“</p>
<p><em>Text © <a href="https://efg-hammerbruecke.de/wordpress/johannes@pucklitzsch.net">Johannes Puklitzsch</a></em></p>

<p>Der schottische Wirtschaftsprüfer Bruce Marshall, lebte von 1899 bis 1987 zunächst in Schottland, dann als Schriftsteller weiter in Frankreich. Im 1. Weltkrieg wurde er schwer verwundet. Ein Bein musste amputiert werden. Über den Zusammenhang zwischen beten und denken beklagt er folgende Beobachtung:„Das Unglück dieser Welt besteht darin, dass die, die beten nicht denken und die, &hellip; <a href="https://efg-hammerbruecke.de/wordpress/?page_id=395" class="more-link"><span class="screen-reader-text">&#8222;2021-07 BETEN und DENKEN&#8220; </span>weiterlesen</a></p>
