{"id":308,"date":"2020-04-08T09:19:55","date_gmt":"2020-04-08T09:19:55","guid":{"rendered":"http:\/\/efg-hammerbruecke.de\/wordpress\/?page_id=308"},"modified":"2020-04-08T09:19:55","modified_gmt":"2020-04-08T09:19:55","slug":"2020-04-was-sind-das-nur-fur-zeiten","status":"publish","type":"page","link":"https:\/\/efg-hammerbruecke.de\/wordpress\/?page_id=308","title":{"rendered":"2020-04 Was sind das nur f\u00fcr Zeiten ?"},"content":{"rendered":"<figure id=\"attachment_310\" aria-describedby=\"caption-attachment-310\" style=\"width: 463px\" class=\"wp-caption alignnone\"><img loading=\"lazy\" decoding=\"async\" class=\"size-full wp-image-310\" src=\"http:\/\/efg-hammerbruecke.de\/wordpress\/wp-content\/uploads\/2020\/04\/2020-04-08-1.png\" alt=\"\" width=\"463\" height=\"350\" srcset=\"https:\/\/efg-hammerbruecke.de\/wordpress\/wp-content\/uploads\/2020\/04\/2020-04-08-1.png 463w, https:\/\/efg-hammerbruecke.de\/wordpress\/wp-content\/uploads\/2020\/04\/2020-04-08-1-300x227.png 300w\" sizes=\"auto, (max-width: 463px) 85vw, 463px\" \/><figcaption id=\"caption-attachment-310\" class=\"wp-caption-text\">Breite Wiese, Hammerbr\u00fccke, Montag am 30.M\u00e4rz 2020<\/figcaption><\/figure>\n<p>Kaum haben wir unsere Uhren auf die Sommerzeit umgestellt, \u00fcberrascht uns das Wetter in Muldenhammer mit minus 10 C \u00b0 und einer d\u00fcnnen, geschlossenen Schneedecke. Sicher haben wir zum Erscheinungstermin dieser Zeitung das schon wieder vergessen.<\/p>\n<p>Welche Faktenlage werden dann, in der Viruskrise, die Schulbeh\u00f6rden, Wirtschaftsweisen oder Virologen f\u00fcr ihre weiteren Entscheidungen heranziehen?<\/p>\n<p>Die sprichw\u00f6rtliche, biblische Weisheit beschreibt die Bibel in Pred.3, 5 mit: \u201eZeiten f\u00fcrs Umarmen und Zeiten f\u00fcrs sich Fernhalten von Umarmen\u201c. Das haben ja jetzt nicht nur die Bibelleser unter uns neu gelernt. Das unsere Zeiten in Gottes Hand (Handeln) gut aufgehoben sind, bleibt f\u00fcr Christen eine vertrauensw\u00fcrdige Faktenlage.<\/p>\n<p><strong>\u201eIn deiner Hand sind meine Zeiten\u2026\u201c<\/strong> (die Bibel in Psalm 31,16)<\/p>\n<p><em>(Text &amp; Fotos \u00a9 <a href=\"johannes@pucklitzsch.net\">Johannes Pucklitzsch<\/a>)<\/em><\/p>\n","protected":false},"excerpt":{"rendered":"<p>Kaum haben wir unsere Uhren auf die Sommerzeit umgestellt, \u00fcberrascht uns das Wetter in Muldenhammer mit minus 10 C \u00b0 und einer d\u00fcnnen, geschlossenen Schneedecke. Sicher haben wir zum Erscheinungstermin dieser Zeitung das schon wieder vergessen. Welche Faktenlage werden dann, in der Viruskrise, die Schulbeh\u00f6rden, Wirtschaftsweisen oder Virologen f\u00fcr ihre weiteren Entscheidungen heranziehen? Die sprichw\u00f6rtliche, &hellip; <a href=\"https:\/\/efg-hammerbruecke.de\/wordpress\/?page_id=308\" class=\"more-link\"><span class=\"screen-reader-text\">&#8222;2020-04 Was sind das nur f\u00fcr Zeiten ?&#8220; <\/span>weiterlesen<\/a><\/p>\n","protected":false},"author":3,"featured_media":0,"parent":0,"menu_order":0,"comment_status":"closed","ping_status":"closed","template":"","meta":{"footnotes":""},"class_list":["post-308","page","type-page","status-publish","hentry"],"_links":{"self":[{"href":"https:\/\/efg-hammerbruecke.de\/wordpress\/index.php?rest_route=\/wp\/v2\/pages\/308","targetHints":{"allow":["GET"]}}],"collection":[{"href":"https:\/\/efg-hammerbruecke.de\/wordpress\/index.php?rest_route=\/wp\/v2\/pages"}],"about":[{"href":"https:\/\/efg-hammerbruecke.de\/wordpress\/index.php?rest_route=\/wp\/v2\/types\/page"}],"author":[{"embeddable":true,"href":"https:\/\/efg-hammerbruecke.de\/wordpress\/index.php?rest_route=\/wp\/v2\/users\/3"}],"replies":[{"embeddable":true,"href":"https:\/\/efg-hammerbruecke.de\/wordpress\/index.php?rest_route=%2Fwp%2Fv2%2Fcomments&post=308"}],"version-history":[{"count":1,"href":"https:\/\/efg-hammerbruecke.de\/wordpress\/index.php?rest_route=\/wp\/v2\/pages\/308\/revisions"}],"predecessor-version":[{"id":312,"href":"https:\/\/efg-hammerbruecke.de\/wordpress\/index.php?rest_route=\/wp\/v2\/pages\/308\/revisions\/312"}],"wp:attachment":[{"href":"https:\/\/efg-hammerbruecke.de\/wordpress\/index.php?rest_route=%2Fwp%2Fv2%2Fmedia&parent=308"}],"curies":[{"name":"wp","href":"https:\/\/api.w.org\/{rel}","templated":true}]}}

2020-04 Was sind das nur für Zeiten ?

<figure id="attachment_310" aria-describedby="caption-attachment-310" style="width: 463px" class="wp-caption alignnone"><img loading="lazy" decoding="async" class="size-full wp-image-310" src="http://efg-hammerbruecke.de/wordpress/wp-content/uploads/2020/04/2020-04-08-1.png" alt="" width="463" height="350" srcset="https://efg-hammerbruecke.de/wordpress/wp-content/uploads/2020/04/2020-04-08-1.png 463w, https://efg-hammerbruecke.de/wordpress/wp-content/uploads/2020/04/2020-04-08-1-300x227.png 300w" sizes="auto, (max-width: 463px) 85vw, 463px" /><figcaption id="caption-attachment-310" class="wp-caption-text">Breite Wiese, Hammerbrücke, Montag am 30.März 2020</figcaption></figure>
<p>Kaum haben wir unsere Uhren auf die Sommerzeit umgestellt, überrascht uns das Wetter in Muldenhammer mit minus 10 C ° und einer dünnen, geschlossenen Schneedecke. Sicher haben wir zum Erscheinungstermin dieser Zeitung das schon wieder vergessen.</p>
<p>Welche Faktenlage werden dann, in der Viruskrise, die Schulbehörden, Wirtschaftsweisen oder Virologen für ihre weiteren Entscheidungen heranziehen?</p>
<p>Die sprichwörtliche, biblische Weisheit beschreibt die Bibel in Pred.3, 5 mit: „Zeiten fürs Umarmen und Zeiten fürs sich Fernhalten von Umarmen“. Das haben ja jetzt nicht nur die Bibelleser unter uns neu gelernt. Das unsere Zeiten in Gottes Hand (Handeln) gut aufgehoben sind, bleibt für Christen eine vertrauenswürdige Faktenlage.</p>
<p><strong>„In deiner Hand sind meine Zeiten…“</strong> (die Bibel in Psalm 31,16)</p>
<p><em>(Text &amp; Fotos © <a href="johannes@pucklitzsch.net">Johannes Pucklitzsch</a>)</em></p>

<p>Kaum haben wir unsere Uhren auf die Sommerzeit umgestellt, überrascht uns das Wetter in Muldenhammer mit minus 10 C ° und einer dünnen, geschlossenen Schneedecke. Sicher haben wir zum Erscheinungstermin dieser Zeitung das schon wieder vergessen. Welche Faktenlage werden dann, in der Viruskrise, die Schulbehörden, Wirtschaftsweisen oder Virologen für ihre weiteren Entscheidungen heranziehen? Die sprichwörtliche, &hellip; <a href="https://efg-hammerbruecke.de/wordpress/?page_id=308" class="more-link"><span class="screen-reader-text">&#8222;2020-04 Was sind das nur für Zeiten ?&#8220; </span>weiterlesen</a></p>
