{"id":293,"date":"2020-03-10T20:44:05","date_gmt":"2020-03-10T20:44:05","guid":{"rendered":"http:\/\/efg-hammerbruecke.de\/wordpress\/?page_id=293"},"modified":"2020-04-08T06:55:34","modified_gmt":"2020-04-08T06:55:34","slug":"2020-03-corona-und-quarantane","status":"publish","type":"page","link":"https:\/\/efg-hammerbruecke.de\/wordpress\/?page_id=293","title":{"rendered":"2020-03 Corona und Quarant\u00e4ne"},"content":{"rendered":"<p>Fehlende Desinfektionsmittel und Mundschutzmasken erzeugen in diesen Tagen auch im Vogtland berechtigte Angst. Einige gewohnte Lebensmittel hinterlassen bereits leere Regale&#8230;<\/p>\n<p>\u201eKein Grund zur Panik!\u201c -verbreitet der Gesundheitsminister. <em>(04.03.20)<\/em><\/p>\n<p>\u201eDie Influenza- Grippe ist eine wesentlich gr\u00f6\u00dfere Gefahr f\u00fcr die, die nicht aktuell geimpft sind\u201c, -sagen Mediziner.<\/p>\n<p>\u201eWenn Bedr\u00e4ngnis und Angst \u00fcber euch kommen,- dann rufen sie mich, doch ich antworte nicht\u2026 Weil sie meinen Rat nicht gewollt und alle meine Mahnungen verschm\u00e4ht haben\u2026\u201c\u00a0 -lesen wir als salomonische Weisheit \u00fcber Gott im ersten Teil der Bibel. <em>(Spr.1,28 ff.)<\/em><\/p>\n<p>Das sind nur einige Beitr\u00e4ge, die uns in dieser Lage besch\u00e4ftigen.<\/p>\n<p>Bereits auf den ersten Seiten der Bibel lesen wir \u00fcber drastische Ma\u00dfnahmen zur Abwehr infekti\u00f6ser Krankheiten. Dazu geh\u00f6rt die sorgf\u00e4ltige Absonderung bei Ansteckungsgefahr. <em>(3.Mo.12 ff.) <\/em><\/p>\n<p>In der Republik Ragusa\/Dubrovnik wurde 1377 als seuchenpolitische Ma\u00dfnahme, f\u00fcr einlaufende Schiffe, eine Absonderung f\u00fcr 30 Tage angeordnet. Sp\u00e4ter wurde diese Zeit sicherheitshalber, in Anlehnung an die vierzigt\u00e4tige Fastenzeit von Mose <em>(2. Mo. 24,18)<\/em> und Jesus Christus <em>(Mt.4, 2)<\/em>, auf 40 Tage erh\u00f6ht. Das begr\u00fcndet den Begriff Quarant\u00e4ne (lat. \u201equadrainta\u201c = 40).<\/p>\n<p>Die stille Passionszeit von 40 Werktagen nach Aschermittwoch \u00a0f\u00fchrt Christen jedoch nicht in die angstmachende Einsamkeit einer W\u00fcste, sondern in die gelebte Gegenwart des leidenden Herrn Jesus Christus. Dort begr\u00fcndet sich die Gewissheit vom Ostersonntag, dass mit dem Tod nun doch nicht alles aus ist. Im Gegenteil! Es beginnt ein neues Kapitel. Er ist nach seinem Tod am Kreuz vor den Augen der Welt\u00f6ffentlichkeit auferstanden- und noch mehr: Er lebt!<\/p>\n<p>Auch Christen f\u00fcrchten die Katastrophe,<\/p>\n<p>aber \u00a0\u201eER-leben\u201c Christus!<\/p>\n<p><strong>\u201eIn der Welt habt ihr Angst, aber seid guten Mutes, ich habe die Welt \u00fcberwunden!\u201c <\/strong><\/p>\n<p><em>(Trostworte Jesu in der Bibel, Joh. 16,33; \u00a0j. p.\/hammerbr\u00fccke)<\/em><\/p>\n","protected":false},"excerpt":{"rendered":"<p>Fehlende Desinfektionsmittel und Mundschutzmasken erzeugen in diesen Tagen auch im Vogtland berechtigte Angst. Einige gewohnte Lebensmittel hinterlassen bereits leere Regale&#8230; \u201eKein Grund zur Panik!\u201c -verbreitet der Gesundheitsminister. (04.03.20) \u201eDie Influenza- Grippe ist eine wesentlich gr\u00f6\u00dfere Gefahr f\u00fcr die, die nicht aktuell geimpft sind\u201c, -sagen Mediziner. \u201eWenn Bedr\u00e4ngnis und Angst \u00fcber euch kommen,- dann rufen sie &hellip; <a href=\"https:\/\/efg-hammerbruecke.de\/wordpress\/?page_id=293\" class=\"more-link\"><span class=\"screen-reader-text\">&#8222;2020-03 Corona und Quarant\u00e4ne&#8220; <\/span>weiterlesen<\/a><\/p>\n","protected":false},"author":3,"featured_media":0,"parent":0,"menu_order":0,"comment_status":"closed","ping_status":"closed","template":"","meta":{"footnotes":""},"class_list":["post-293","page","type-page","status-publish","hentry"],"_links":{"self":[{"href":"https:\/\/efg-hammerbruecke.de\/wordpress\/index.php?rest_route=\/wp\/v2\/pages\/293","targetHints":{"allow":["GET"]}}],"collection":[{"href":"https:\/\/efg-hammerbruecke.de\/wordpress\/index.php?rest_route=\/wp\/v2\/pages"}],"about":[{"href":"https:\/\/efg-hammerbruecke.de\/wordpress\/index.php?rest_route=\/wp\/v2\/types\/page"}],"author":[{"embeddable":true,"href":"https:\/\/efg-hammerbruecke.de\/wordpress\/index.php?rest_route=\/wp\/v2\/users\/3"}],"replies":[{"embeddable":true,"href":"https:\/\/efg-hammerbruecke.de\/wordpress\/index.php?rest_route=%2Fwp%2Fv2%2Fcomments&post=293"}],"version-history":[{"count":2,"href":"https:\/\/efg-hammerbruecke.de\/wordpress\/index.php?rest_route=\/wp\/v2\/pages\/293\/revisions"}],"predecessor-version":[{"id":304,"href":"https:\/\/efg-hammerbruecke.de\/wordpress\/index.php?rest_route=\/wp\/v2\/pages\/293\/revisions\/304"}],"wp:attachment":[{"href":"https:\/\/efg-hammerbruecke.de\/wordpress\/index.php?rest_route=%2Fwp%2Fv2%2Fmedia&parent=293"}],"curies":[{"name":"wp","href":"https:\/\/api.w.org\/{rel}","templated":true}]}}