{"id":276,"date":"2020-02-11T19:27:11","date_gmt":"2020-02-11T19:27:11","guid":{"rendered":"http:\/\/efg-hammerbruecke.de\/?page_id=276"},"modified":"2020-02-11T19:27:11","modified_gmt":"2020-02-11T19:27:11","slug":"2020-01-wer-hat-da-geknallt","status":"publish","type":"page","link":"https:\/\/efg-hammerbruecke.de\/wordpress\/?page_id=276","title":{"rendered":"2020-01 Wer hat da geknallt?"},"content":{"rendered":"<p>Auf Einladung des Veranstalters \u201eChristen im Beruf\u201c &#8211; Markneukirchen, war am 1. Februar im Gasthof &#8222;Zum Walfisch&#8220; in Zwota der international renommierte Physiker Prof. Dr. Thomas Schimmel, Universit\u00e4t Karlsruhe &#8211; KIT, zu Gast. Er redete in lockerer, leicht verst\u00e4ndlicher Form \u00fcber \u201eDen Urknall und die Gottesfrage\u201c. Der Vortrag mit dem Untertitel: \u201eEin Streifzug vom Inneren der Atome bis an die Grenzen des Universums\u201c, war \u00e4u\u00dferst interessant und regte zum Staunen an \u00fcber die fast unglaubliche und schier unvorstellbare Pr\u00e4zision, mit der von der Ebene der Atome bis zu den Weiten des Universums die Sch\u00f6pfung \u201ekonstruiert\u201c ist.<\/p>\n<p>Der Gedanke, dass der \u201eKonstrukteur\u201c das gesamte Universum gerade so geschaffen hat, dass die Bedingungen f\u00fcr Leben auf unserem Planeten optimal sind, dr\u00e4ngt sich regelrecht auf. Viele gro\u00dfe Physiker sind schon zu dieser Erkenntnis gekommen, wie z.B. Max Planck (Begr\u00fcnder der Quantentheorie): \u201eWissenschaft und Glaube sind keine Gegens\u00e4tze, sondern sie erg\u00e4nzen und bedingen einander\u201c.<\/p>\n<p>Oder einer der bedeutendsten Physiker des 20. Jahrhunderts, Werner Heisenberg, der gesagt hat:\u00a0\u201eDer erste Schluck aus dem Becher der Naturwissenschaft macht atheistisch, aber auf dem Grunde des Bechers wartet Gott!\u201c.<\/p>\n<p>So durften wir Zuh\u00f6rer neu erkennen, was in Gottes Wort, der Bibel, im Brief an die R\u00f6mer zu lesen ist (R\u00f6mer 1, Vers 20 \/NG\u00dc):\u00a0\u201eSeit der Erschaffung der Welt sind seine Werke ein sichtbarer Hinweis auf ihn, den unsichtbaren Gott, auf seine ewige Macht\u00a0und sein g\u00f6ttliches Wesen.\u201c<\/p>\n<p><em>Ute &amp; Peter Krammel \/ Hammerbr\u00fccke<\/em><\/p>\n<p>______________________________________________________<\/p>\n<p><strong>Allianzgebetswoche 2020<\/strong><\/p>\n<p>\u201e<strong>Wo geh\u00f6re ich hin?<\/strong> Eine sehr pers\u00f6nliche Frage, die auf eine ehrliche Antwort wartet.\u201c So war der erste Satz des Begleitheftes, in dem das Thema der diesj\u00e4hrigen Gebetswoche vom 13.01. \u2013 19.01.20 vorgestellt wurde.<\/p>\n<p>Das war dann auch die Frage, die in 7 verschiedenen Themen besprochen wurde und dazu einlud, den eigenen Standpunkt zu betrachten, zu hinterfragen und wenn n\u00f6tig zu korrigieren.<\/p>\n<p>Eine Standpunktbestimmung am Anfang des Neuen Jahres, das war eine sehr gute Idee von den Organisatoren dieser Woche. Es ist ja f\u00fcr jeden Menschen wichtig, sich zu \u00fcberlegen, wo stehe ich und wo will ich hin.<\/p>\n<p>Eine Standortbestimmung ist etwas statisches, indem man das Lebensfundament definiert. Es ist aber auch etwas dynamisches, da die Standpunkte durch verschiedenen Lebenssituationen und Erkenntnisst\u00e4nde uns immer wieder hinterfragen und darum eben auch manchmal korrigiert werden m\u00fcssen.<\/p>\n<p>In einem Bibelwort aus Jeremia 29, 7 hei\u00dft es im ersten Teil:<\/p>\n<p><em>\u201eBem\u00fcht euch um das Wohl der Stadt, in die ich (Gott) euch gestellt habe\u2026 \u201c <\/em><\/p>\n<p>Das eint uns ja mit allen Bewohnern von Muldenhammer. Aber der Vers geht weiter: \u201e\u2026<strong><em>und betet f\u00fcr sie zu Gott!\u201c<\/em><\/strong><\/p>\n<p>Das haben wir Christen im Waldgebiet in diesen Tagen ganz intensiv in den R\u00e4umen der Emmauskirche, der Landeskirchlichen Gemeinschaft, der Christlichen Versammlung in J\u00e4gersgr\u00fcn und der Evangelisch Freikirchlichen Gemeinde in Hammerbr\u00fccke getan.<\/p>\n<p>Dabei haben wir uns<\/p>\n<p>&#8211; auf unsere Wurzeln besonnen,<\/p>\n<p>&#8211; auf das Umfeld, in dem wir leben, in Gemeinde, in der Gesellschaft und auch in den verschiedenen Generationen<\/p>\n<p>&#8211; auf die Kraft Gottes im Heiligen Geist<\/p>\n<p>&#8211; und auf das Ziel, die Ewigkeit!<\/p>\n<p>Der zentrale Vers des Abschlussgottesdienstes dr\u00fcckte das so aus:<\/p>\n<p>Johannes 14,2-3<\/p>\n<p><strong><em>Jesus Christus spricht: In meines Vaters Hause sind viele Wohnungen: <\/em><\/strong><\/p>\n<p><strong><em>Ich gehe hin, euch die St\u00e4tte zu bereiten<\/em><\/strong>.<\/p>\n<p>Mit diesem Vers wurde uns wieder vergegenw\u00e4rtigt, dass wir die Ewigkeit in der Gegenwart Gottes verbringen, aber auch dass wir in der Gemeinde schon einen Vorgeschmack dieser Ewigkeit erleben k\u00f6nnen.<\/p>\n<p><em>Matthias Krippner, Evangelische Allianz Muldenhammer<\/em><\/p>\n","protected":false},"excerpt":{"rendered":"<p>Auf Einladung des Veranstalters \u201eChristen im Beruf\u201c &#8211; Markneukirchen, war am 1. Februar im Gasthof &#8222;Zum Walfisch&#8220; in Zwota der international renommierte Physiker Prof. Dr. Thomas Schimmel, Universit\u00e4t Karlsruhe &#8211; KIT, zu Gast. Er redete in lockerer, leicht verst\u00e4ndlicher Form \u00fcber \u201eDen Urknall und die Gottesfrage\u201c. Der Vortrag mit dem Untertitel: \u201eEin Streifzug vom Inneren &hellip; <a href=\"https:\/\/efg-hammerbruecke.de\/wordpress\/?page_id=276\" class=\"more-link\"><span class=\"screen-reader-text\">&#8222;2020-01 Wer hat da geknallt?&#8220; <\/span>weiterlesen<\/a><\/p>\n","protected":false},"author":3,"featured_media":0,"parent":0,"menu_order":0,"comment_status":"closed","ping_status":"closed","template":"","meta":{"footnotes":""},"class_list":["post-276","page","type-page","status-publish","hentry"],"_links":{"self":[{"href":"https:\/\/efg-hammerbruecke.de\/wordpress\/index.php?rest_route=\/wp\/v2\/pages\/276","targetHints":{"allow":["GET"]}}],"collection":[{"href":"https:\/\/efg-hammerbruecke.de\/wordpress\/index.php?rest_route=\/wp\/v2\/pages"}],"about":[{"href":"https:\/\/efg-hammerbruecke.de\/wordpress\/index.php?rest_route=\/wp\/v2\/types\/page"}],"author":[{"embeddable":true,"href":"https:\/\/efg-hammerbruecke.de\/wordpress\/index.php?rest_route=\/wp\/v2\/users\/3"}],"replies":[{"embeddable":true,"href":"https:\/\/efg-hammerbruecke.de\/wordpress\/index.php?rest_route=%2Fwp%2Fv2%2Fcomments&post=276"}],"version-history":[{"count":1,"href":"https:\/\/efg-hammerbruecke.de\/wordpress\/index.php?rest_route=\/wp\/v2\/pages\/276\/revisions"}],"predecessor-version":[{"id":277,"href":"https:\/\/efg-hammerbruecke.de\/wordpress\/index.php?rest_route=\/wp\/v2\/pages\/276\/revisions\/277"}],"wp:attachment":[{"href":"https:\/\/efg-hammerbruecke.de\/wordpress\/index.php?rest_route=%2Fwp%2Fv2%2Fmedia&parent=276"}],"curies":[{"name":"wp","href":"https:\/\/api.w.org\/{rel}","templated":true}]}}

<p>Auf Einladung des Veranstalters „Christen im Beruf“ &#8211; Markneukirchen, war am 1. Februar im Gasthof &#8222;Zum Walfisch&#8220; in Zwota der international renommierte Physiker Prof. Dr. Thomas Schimmel, Universität Karlsruhe &#8211; KIT, zu Gast. Er redete in lockerer, leicht verständlicher Form über „Den Urknall und die Gottesfrage“. Der Vortrag mit dem Untertitel: „Ein Streifzug vom Inneren der Atome bis an die Grenzen des Universums“, war äußerst interessant und regte zum Staunen an über die fast unglaubliche und schier unvorstellbare Präzision, mit der von der Ebene der Atome bis zu den Weiten des Universums die Schöpfung „konstruiert“ ist.</p>
<p>Der Gedanke, dass der „Konstrukteur“ das gesamte Universum gerade so geschaffen hat, dass die Bedingungen für Leben auf unserem Planeten optimal sind, drängt sich regelrecht auf. Viele große Physiker sind schon zu dieser Erkenntnis gekommen, wie z.B. Max Planck (Begründer der Quantentheorie): „Wissenschaft und Glaube sind keine Gegensätze, sondern sie ergänzen und bedingen einander“.</p>
<p>Oder einer der bedeutendsten Physiker des 20. Jahrhunderts, Werner Heisenberg, der gesagt hat: „Der erste Schluck aus dem Becher der Naturwissenschaft macht atheistisch, aber auf dem Grunde des Bechers wartet Gott!“.</p>
<p>So durften wir Zuhörer neu erkennen, was in Gottes Wort, der Bibel, im Brief an die Römer zu lesen ist (Römer 1, Vers 20 /NGÜ): „Seit der Erschaffung der Welt sind seine Werke ein sichtbarer Hinweis auf ihn, den unsichtbaren Gott, auf seine ewige Macht und sein göttliches Wesen.“</p>
<p><em>Ute &amp; Peter Krammel / Hammerbrücke</em></p>
<p>______________________________________________________</p>
<p><strong>Allianzgebetswoche 2020</strong></p>
<p>„<strong>Wo gehöre ich hin?</strong> Eine sehr persönliche Frage, die auf eine ehrliche Antwort wartet.“ So war der erste Satz des Begleitheftes, in dem das Thema der diesjährigen Gebetswoche vom 13.01. – 19.01.20 vorgestellt wurde.</p>
<p>Das war dann auch die Frage, die in 7 verschiedenen Themen besprochen wurde und dazu einlud, den eigenen Standpunkt zu betrachten, zu hinterfragen und wenn nötig zu korrigieren.</p>
<p>Eine Standpunktbestimmung am Anfang des Neuen Jahres, das war eine sehr gute Idee von den Organisatoren dieser Woche. Es ist ja für jeden Menschen wichtig, sich zu überlegen, wo stehe ich und wo will ich hin.</p>
<p>Eine Standortbestimmung ist etwas statisches, indem man das Lebensfundament definiert. Es ist aber auch etwas dynamisches, da die Standpunkte durch verschiedenen Lebenssituationen und Erkenntnisstände uns immer wieder hinterfragen und darum eben auch manchmal korrigiert werden müssen.</p>
<p>In einem Bibelwort aus Jeremia 29, 7 heißt es im ersten Teil:</p>
<p><em>„Bemüht euch um das Wohl der Stadt, in die ich (Gott) euch gestellt habe… “ </em></p>
<p>Das eint uns ja mit allen Bewohnern von Muldenhammer. Aber der Vers geht weiter: „…<strong><em>und betet für sie zu Gott!“</em></strong></p>
<p>Das haben wir Christen im Waldgebiet in diesen Tagen ganz intensiv in den Räumen der Emmauskirche, der Landeskirchlichen Gemeinschaft, der Christlichen Versammlung in Jägersgrün und der Evangelisch Freikirchlichen Gemeinde in Hammerbrücke getan.</p>
<p>Dabei haben wir uns</p>
<p>&#8211; auf unsere Wurzeln besonnen,</p>
<p>&#8211; auf das Umfeld, in dem wir leben, in Gemeinde, in der Gesellschaft und auch in den verschiedenen Generationen</p>
<p>&#8211; auf die Kraft Gottes im Heiligen Geist</p>
<p>&#8211; und auf das Ziel, die Ewigkeit!</p>
<p>Der zentrale Vers des Abschlussgottesdienstes drückte das so aus:</p>
<p>Johannes 14,2-3</p>
<p><strong><em>Jesus Christus spricht: In meines Vaters Hause sind viele Wohnungen: </em></strong></p>
<p><strong><em>Ich gehe hin, euch die Stätte zu bereiten</em></strong>.</p>
<p>Mit diesem Vers wurde uns wieder vergegenwärtigt, dass wir die Ewigkeit in der Gegenwart Gottes verbringen, aber auch dass wir in der Gemeinde schon einen Vorgeschmack dieser Ewigkeit erleben können.</p>
<p><em>Matthias Krippner, Evangelische Allianz Muldenhammer</em></p>

<p>Auf Einladung des Veranstalters „Christen im Beruf“ &#8211; Markneukirchen, war am 1. Februar im Gasthof &#8222;Zum Walfisch&#8220; in Zwota der international renommierte Physiker Prof. Dr. Thomas Schimmel, Universität Karlsruhe &#8211; KIT, zu Gast. Er redete in lockerer, leicht verständlicher Form über „Den Urknall und die Gottesfrage“. Der Vortrag mit dem Untertitel: „Ein Streifzug vom Inneren &hellip; <a href="https://efg-hammerbruecke.de/wordpress/?page_id=276" class="more-link"><span class="screen-reader-text">&#8222;2020-01 Wer hat da geknallt?&#8220; </span>weiterlesen</a></p>
