{"id":253,"date":"2019-12-05T21:14:35","date_gmt":"2019-12-05T21:14:35","guid":{"rendered":"http:\/\/efg-hammerbruecke.de\/?page_id=253"},"modified":"2019-12-05T21:14:35","modified_gmt":"2019-12-05T21:14:35","slug":"2019-10-ein-letzter-schritt","status":"publish","type":"page","link":"https:\/\/efg-hammerbruecke.de\/wordpress\/?page_id=253","title":{"rendered":"2019-10 EIN LETZTER SCHRITT!"},"content":{"rendered":"<p><strong><img loading=\"lazy\" decoding=\"async\" class=\"alignnone wp-image-250\" src=\"http:\/\/efg-hammerbruecke.de\/wordpress\/wp-content\/uploads\/2019\/11\/19-11-17-Mondlandung-300x199.jpg\" alt=\"\" width=\"552\" height=\"366\" srcset=\"https:\/\/efg-hammerbruecke.de\/wordpress\/wp-content\/uploads\/2019\/11\/19-11-17-Mondlandung-300x199.jpg 300w, https:\/\/efg-hammerbruecke.de\/wordpress\/wp-content\/uploads\/2019\/11\/19-11-17-Mondlandung.jpg 474w\" sizes=\"auto, (max-width: 552px) 85vw, 552px\" \/>\u00a0<\/strong><\/p>\n<p>\u201eEs ist ein kleiner Schritt\u2026!\u201c Mit diesen Worten beginnt ein ber\u00fchmtes Zitat von Nils Amstrong (1930 -2012), der damit am 21. Juli 1969 als erster Mensch den Mond betrat. Auf diesen \u201ekleinen Schritt\u201c hat er sich intensiv vorbereitet!<strong>\u00a0<\/strong><\/p>\n<p><strong>EIN LETZTER SCHRITT!<\/strong><\/p>\n<p>Nach der turbulenten und kreativen Volksfestsaison im Oktober, einschlie\u00dflich Gruselpartys und Halloween, bietet der November auch in unserem \u201eWeltraum begeisterten\u201c Waldgebiet, die Besinnung auf eine bedr\u00fcckende Wahrheit. Es ist: \u201eDer letzte Schritt\u201c, der oft unvorbereitet gegangen wird. Ihn geht jeder allein, ohne Publikum und TV-\u00dcbertragung. Selbst Organverpflanzungen oder Frischzellenkuren halten uns da nicht auf.<\/p>\n<p>Die Bibel liefert zu diesem \u201eSterben\u201c keinen biologischen oder medizinischen Diskussionsbeitrag. <em>\u201eDer Mensch \u2013 wie Gras sind seine Tage, wie die Blume des Feldes bl\u00fcht er. Dann f\u00e4hrt der Wind dar\u00fcber, so ist sie nicht mehr und ihr Ort kennt sie nicht mehr.\u201c<\/em> So beschreibt es lyrisch der j\u00fcdische K\u00f6nig David in der Bibel um 1013 \u2013 972 v.u.Z. in Psalm 103.<\/p>\n<p>Jedoch sterben nach dem Befund der Bibel die Menschen nicht allein nur so wie Pflanzen und Tiere. \u201e<em>Den Menschen ist es bestimmt, einmal zu sterben, danach aber das Gericht\u2026!\u201c <\/em>(Hebr. 9,27) Hier nur verk\u00fcrzt zusammengefasst k\u00f6nnen wir festhalten: Es gibt ein \u201eDanach\u201c und eine Reformation (Wiederherstellung) der oft so vermissten \u201eGERECHTIGKEIT\u201c.<\/p>\n<p>Der Tod ist f\u00fcr uns Menschen bereits auf den ersten Seiten in der Bibel die Folge einer bewussten Lossagung gegen\u00fcber Gottes Wort und seinen guten Absichten, ein Feind des Menschen. (1.Kor. 15,26: <em>\u201e\u2026der Letzte!<\/em>\u2026\u201c) Schon bevor wir \u00fcber diese Grenze hinweg, den Blick f\u00fcr das Ganze unseres Lebens unwiderruflich bekommen, begegnet uns in der Bibel eine \u201eun\u201c-vern\u00fcnftig\u201c, erscheinende Klarstellung. So spricht Jesus Christus in nur einem Satz von Sterben, Auferstehung, Glauben, Leben und Ewigkeit: <em>\u201cIch bin die Auferstehung und das Leben, wer an mich glaubt wird leben, auch wenn er stirbt; und jeder, der lebt und an mich glaubt, wird in Ewigkeit nicht sterben!\u201c<\/em> (Joh. 11,25)<\/p>\n<p>Wie wir die \u201eUnendlichkeit\u201c bereits in der Mathematik (<strong>\u221e<\/strong>) als einen realen Bestandteil glaubw\u00fcrdiger Berechnungen<\/p>\n<p>anerkennen, so ist es vern\u00fcnftig, nicht erst im Sterben,- besser noch, schon im Leben mit Gott real zu rechnen.<\/p>\n<p><strong>EIN GROSSER SCHRITT<\/strong><\/p>\n<p>Ihn hat Gott gemacht. In Jesus Christus ist die Gnade Gottes f\u00fcr alle Menschen sichtbar geworden. (nach Tit. 2,11)<\/p>\n<p><strong>\u201e&#8230; schon im unbegreiflichen Weltall offenbart sich eine uns Menschen grenzenlos \u00fcberlegene Vernunft.\u201c <\/strong><\/p>\n<p><em>Albert Einstein\u00a0 <\/em><\/p>\n<p><em>(Text \u00a9 <a href=\"mailto:Johannes@Pucklitzsch.net\">Johannes Pucklitzsch<\/a>, Foto Bilder der Mondlandung \/ BR24)<\/em><\/p>\n<p>&nbsp;<\/p>\n","protected":false},"excerpt":{"rendered":"<p>\u00a0 \u201eEs ist ein kleiner Schritt\u2026!\u201c Mit diesen Worten beginnt ein ber\u00fchmtes Zitat von Nils Amstrong (1930 -2012), der damit am 21. Juli 1969 als erster Mensch den Mond betrat. Auf diesen \u201ekleinen Schritt\u201c hat er sich intensiv vorbereitet!\u00a0 EIN LETZTER SCHRITT! Nach der turbulenten und kreativen Volksfestsaison im Oktober, einschlie\u00dflich Gruselpartys und Halloween, bietet &hellip; <a href=\"https:\/\/efg-hammerbruecke.de\/wordpress\/?page_id=253\" class=\"more-link\"><span class=\"screen-reader-text\">&#8222;2019-10 EIN LETZTER SCHRITT!&#8220; <\/span>weiterlesen<\/a><\/p>\n","protected":false},"author":3,"featured_media":0,"parent":0,"menu_order":0,"comment_status":"closed","ping_status":"closed","template":"","meta":{"footnotes":""},"class_list":["post-253","page","type-page","status-publish","hentry"],"_links":{"self":[{"href":"https:\/\/efg-hammerbruecke.de\/wordpress\/index.php?rest_route=\/wp\/v2\/pages\/253","targetHints":{"allow":["GET"]}}],"collection":[{"href":"https:\/\/efg-hammerbruecke.de\/wordpress\/index.php?rest_route=\/wp\/v2\/pages"}],"about":[{"href":"https:\/\/efg-hammerbruecke.de\/wordpress\/index.php?rest_route=\/wp\/v2\/types\/page"}],"author":[{"embeddable":true,"href":"https:\/\/efg-hammerbruecke.de\/wordpress\/index.php?rest_route=\/wp\/v2\/users\/3"}],"replies":[{"embeddable":true,"href":"https:\/\/efg-hammerbruecke.de\/wordpress\/index.php?rest_route=%2Fwp%2Fv2%2Fcomments&post=253"}],"version-history":[{"count":1,"href":"https:\/\/efg-hammerbruecke.de\/wordpress\/index.php?rest_route=\/wp\/v2\/pages\/253\/revisions"}],"predecessor-version":[{"id":255,"href":"https:\/\/efg-hammerbruecke.de\/wordpress\/index.php?rest_route=\/wp\/v2\/pages\/253\/revisions\/255"}],"wp:attachment":[{"href":"https:\/\/efg-hammerbruecke.de\/wordpress\/index.php?rest_route=%2Fwp%2Fv2%2Fmedia&parent=253"}],"curies":[{"name":"wp","href":"https:\/\/api.w.org\/{rel}","templated":true}]}}

<p><strong><img loading="lazy" decoding="async" class="alignnone wp-image-250" src="http://efg-hammerbruecke.de/wordpress/wp-content/uploads/2019/11/19-11-17-Mondlandung-300x199.jpg" alt="" width="552" height="366" srcset="https://efg-hammerbruecke.de/wordpress/wp-content/uploads/2019/11/19-11-17-Mondlandung-300x199.jpg 300w, https://efg-hammerbruecke.de/wordpress/wp-content/uploads/2019/11/19-11-17-Mondlandung.jpg 474w" sizes="auto, (max-width: 552px) 85vw, 552px" /> </strong></p>
<p>„Es ist ein kleiner Schritt…!“ Mit diesen Worten beginnt ein berühmtes Zitat von Nils Amstrong (1930 -2012), der damit am 21. Juli 1969 als erster Mensch den Mond betrat. Auf diesen „kleinen Schritt“ hat er sich intensiv vorbereitet!<strong> </strong></p>
<p><strong>EIN LETZTER SCHRITT!</strong></p>
<p>Nach der turbulenten und kreativen Volksfestsaison im Oktober, einschließlich Gruselpartys und Halloween, bietet der November auch in unserem „Weltraum begeisterten“ Waldgebiet, die Besinnung auf eine bedrückende Wahrheit. Es ist: „Der letzte Schritt“, der oft unvorbereitet gegangen wird. Ihn geht jeder allein, ohne Publikum und TV-Übertragung. Selbst Organverpflanzungen oder Frischzellenkuren halten uns da nicht auf.</p>
<p>Die Bibel liefert zu diesem „Sterben“ keinen biologischen oder medizinischen Diskussionsbeitrag. <em>„Der Mensch – wie Gras sind seine Tage, wie die Blume des Feldes blüht er. Dann fährt der Wind darüber, so ist sie nicht mehr und ihr Ort kennt sie nicht mehr.“</em> So beschreibt es lyrisch der jüdische König David in der Bibel um 1013 – 972 v.u.Z. in Psalm 103.</p>
<p>Jedoch sterben nach dem Befund der Bibel die Menschen nicht allein nur so wie Pflanzen und Tiere. „<em>Den Menschen ist es bestimmt, einmal zu sterben, danach aber das Gericht…!“ </em>(Hebr. 9,27) Hier nur verkürzt zusammengefasst können wir festhalten: Es gibt ein „Danach“ und eine Reformation (Wiederherstellung) der oft so vermissten „GERECHTIGKEIT“.</p>
<p>Der Tod ist für uns Menschen bereits auf den ersten Seiten in der Bibel die Folge einer bewussten Lossagung gegenüber Gottes Wort und seinen guten Absichten, ein Feind des Menschen. (1.Kor. 15,26: <em>„…der Letzte!</em>…“) Schon bevor wir über diese Grenze hinweg, den Blick für das Ganze unseres Lebens unwiderruflich bekommen, begegnet uns in der Bibel eine „un“-vernünftig“, erscheinende Klarstellung. So spricht Jesus Christus in nur einem Satz von Sterben, Auferstehung, Glauben, Leben und Ewigkeit: <em>“Ich bin die Auferstehung und das Leben, wer an mich glaubt wird leben, auch wenn er stirbt; und jeder, der lebt und an mich glaubt, wird in Ewigkeit nicht sterben!“</em> (Joh. 11,25)</p>
<p>Wie wir die „Unendlichkeit“ bereits in der Mathematik (<strong>∞</strong>) als einen realen Bestandteil glaubwürdiger Berechnungen</p>
<p>anerkennen, so ist es vernünftig, nicht erst im Sterben,- besser noch, schon im Leben mit Gott real zu rechnen.</p>
<p><strong>EIN GROSSER SCHRITT</strong></p>
<p>Ihn hat Gott gemacht. In Jesus Christus ist die Gnade Gottes für alle Menschen sichtbar geworden. (nach Tit. 2,11)</p>
<p><strong>„&#8230; schon im unbegreiflichen Weltall offenbart sich eine uns Menschen grenzenlos überlegene Vernunft.“ </strong></p>
<p><em>Albert Einstein  </em></p>
<p><em>(Text © <a href="mailto:Johannes@Pucklitzsch.net">Johannes Pucklitzsch</a>, Foto Bilder der Mondlandung / BR24)</em></p>
<p>&nbsp;</p>

<p>  „Es ist ein kleiner Schritt…!“ Mit diesen Worten beginnt ein berühmtes Zitat von Nils Amstrong (1930 -2012), der damit am 21. Juli 1969 als erster Mensch den Mond betrat. Auf diesen „kleinen Schritt“ hat er sich intensiv vorbereitet!  EIN LETZTER SCHRITT! Nach der turbulenten und kreativen Volksfestsaison im Oktober, einschließlich Gruselpartys und Halloween, bietet &hellip; <a href="https://efg-hammerbruecke.de/wordpress/?page_id=253" class="more-link"><span class="screen-reader-text">&#8222;2019-10 EIN LETZTER SCHRITT!&#8220; </span>weiterlesen</a></p>
