{"id":24,"date":"2016-10-19T21:31:08","date_gmt":"2016-10-19T21:31:08","guid":{"rendered":"http:\/\/efg-hammerbruecke.de\/wordpress\/?page_id=24"},"modified":"2018-04-15T05:30:00","modified_gmt":"2018-04-15T05:30:00","slug":"wer-wir-sind","status":"publish","type":"page","link":"https:\/\/efg-hammerbruecke.de\/wordpress\/?page_id=24","title":{"rendered":"Wer wir sind"},"content":{"rendered":"<h2>Wir sind &#8230;<\/h2>\n<p>evangelische Christen, die sich als Br\u00fcder-Gemeinde unter dem Namen Evangelisch-Freikirchliche Gemeinde Hammerbr\u00fccke versammeln.<\/p>\n<h2>Evangelisch &#8230;<\/h2>\n<p>Wir nehmen die Botschaft des Evangeliums ernst und richten uns danach. Evangelium ist die Gute Nachricht, die in der Bibel und besonders im Neuen Testament zu finden ist.<\/p>\n<h2>Christen &#8230;<\/h2>\n<p>Wir folgen Jesus Christus, d.h., wir betrachten ihn als den HERRN unseres Lebens, als Vorbild f\u00fcr unser Verhalten und als Ma\u00dfstab f\u00fcr unser Handeln.<\/p>\n<h2>Frei &#8230;<\/h2>\n<p>Wir sind eine freie, selbstst\u00e4ndige Gemeinde, d.h., die Mitgliedschaft ist freiwillig, wir verwalten alle unsere Angelegenheiten selbst und sind allein unserem Herrn Jesus Christus verantwortlich. Wir erheben keine Kirchensteuern und werden nicht von einer \u00fcberregionalen Organisation geleitet.<\/p>\n<h2>Br\u00fcder-Gemeinde &#8230;<\/h2>\n<p>Wir verstehen uns nach dem Jesuswort (Mt 23,8.10): &#8222;Einer ist euer Meister, der Christus; ihr alle aber seid Br\u00fcder!&#8220; (d.h. Glaubensgeschwister) Wir kennen keine Unterschiede zwischen &#8222;Geistlichen&#8220; und &#8222;Laien&#8220;, sondern alle sollen entsprechend der ihnen verliehenen Gabe und in der von Gott gegebenen Ordnung mitarbeiten.<\/p>\n<p>&nbsp;<\/p>\n<h3><strong>Was wir glauben:<\/strong><\/h3>\n<p>&nbsp;<\/p>\n<h2>Wir glauben an &#8230;<\/h2>\n<p>den allm\u00e4chtigen Gott, den Sch\u00f6pfer von Himmel und der Erde und an Jesus Christus, der als Mensch und Sohn Gottes auf die Erde kam, stellvertretend f\u00fcr unsere Schuld am Kreuz starb, von den Toten auferstand und nun vor Gott f\u00fcr uns einspricht bis er wiederkommen wird, um die Seinen zu sich zu nehmen und die anderen zu richten.<\/p>\n<h2>Wir glauben, dass &#8230;<\/h2>\n<p>jeder Mensch vor Gott schuldig geworden ist und die Erl\u00f6sung braucht, die ihm aber nur geschenkt werden kann, wenn er sein Leben Jesus Christus anvertraut. Jeder, der den Namen des Herrn anruft, wird vor dem Gericht Gottes gerettet und durch den Heiligen Geist wiedergeboren.<\/p>\n<h2>Wir glauben, dass&#8230;<\/h2>\n<p>jeder Wiedergeborene zum Leib Christi geh\u00f6rt, d.h. zur Gemeinschaft der an Christus Glaubenden in aller Welt. Deshalb erkennen wir auch in anderen Christen Gotteskinder und suchen Gemeinschaft mit ihnen.<\/p>\n<h2>Wir wissen uns verpflichtet&#8230;<\/h2>\n<p>selbst nach unserem Glauben zu leben und anderen Menschen die Gute Nachricht von Gottes Liebe weiterzusagen.<\/p>\n<h2>Grundlage&#8230;<\/h2>\n<p>unsres Glaubens und Lebens ist die Heilige Schrift, d.h., wir bekennen uns vorbehaltlos zur Bibel als dem unfehlbaren Wort Gottes, zu ihrer v\u00f6lligen Zuverl\u00e4ssigkeit und Autorit\u00e4t in allen ihren Aussagen.<\/p>\n","protected":false},"excerpt":{"rendered":"<p>Wir sind &#8230; evangelische Christen, die sich als Br\u00fcder-Gemeinde unter dem Namen Evangelisch-Freikirchliche Gemeinde Hammerbr\u00fccke versammeln. Evangelisch &#8230; Wir nehmen die Botschaft des Evangeliums ernst und richten uns danach. Evangelium ist die Gute Nachricht, die in der Bibel und besonders im Neuen Testament zu finden ist. Christen &#8230; Wir folgen Jesus Christus, d.h., wir betrachten &hellip; <a href=\"https:\/\/efg-hammerbruecke.de\/wordpress\/?page_id=24\" class=\"more-link\"><span class=\"screen-reader-text\">&#8222;Wer wir sind&#8220; <\/span>weiterlesen<\/a><\/p>\n","protected":false},"author":3,"featured_media":0,"parent":0,"menu_order":4,"comment_status":"closed","ping_status":"closed","template":"","meta":{"footnotes":""},"class_list":["post-24","page","type-page","status-publish","hentry"],"_links":{"self":[{"href":"https:\/\/efg-hammerbruecke.de\/wordpress\/index.php?rest_route=\/wp\/v2\/pages\/24","targetHints":{"allow":["GET"]}}],"collection":[{"href":"https:\/\/efg-hammerbruecke.de\/wordpress\/index.php?rest_route=\/wp\/v2\/pages"}],"about":[{"href":"https:\/\/efg-hammerbruecke.de\/wordpress\/index.php?rest_route=\/wp\/v2\/types\/page"}],"author":[{"embeddable":true,"href":"https:\/\/efg-hammerbruecke.de\/wordpress\/index.php?rest_route=\/wp\/v2\/users\/3"}],"replies":[{"embeddable":true,"href":"https:\/\/efg-hammerbruecke.de\/wordpress\/index.php?rest_route=%2Fwp%2Fv2%2Fcomments&post=24"}],"version-history":[{"count":5,"href":"https:\/\/efg-hammerbruecke.de\/wordpress\/index.php?rest_route=\/wp\/v2\/pages\/24\/revisions"}],"predecessor-version":[{"id":128,"href":"https:\/\/efg-hammerbruecke.de\/wordpress\/index.php?rest_route=\/wp\/v2\/pages\/24\/revisions\/128"}],"wp:attachment":[{"href":"https:\/\/efg-hammerbruecke.de\/wordpress\/index.php?rest_route=%2Fwp%2Fv2%2Fmedia&parent=24"}],"curies":[{"name":"wp","href":"https:\/\/api.w.org\/{rel}","templated":true}]}}