{"id":233,"date":"2019-10-30T20:39:26","date_gmt":"2019-10-30T20:39:26","guid":{"rendered":"http:\/\/efg-hammerbruecke.de\/?page_id=233"},"modified":"2019-11-17T19:48:16","modified_gmt":"2019-11-17T19:48:16","slug":"herbst-2019","status":"publish","type":"page","link":"https:\/\/efg-hammerbruecke.de\/wordpress\/?page_id=233","title":{"rendered":"2019-09 Herbst &#038; Frieden"},"content":{"rendered":"<p><strong>\u00dcBER HERBSTANFANG UND FRIEDEN<br \/>\n<\/strong><\/p>\n<p>Am 1. September 1939 begann in der j\u00fcngeren\u00a0 Geschichte mit dem deutschen \u00dcberfall auf Polen, der 2. Weltkrieg. (Weltfriedenstag)<\/p>\n<p>Am 1. September 2004 st\u00fcrmten tschetschenische Separatisten eine Schule in der Kleinstadt Beslan. Bei der Befreiung starben mehr als 330 Geiseln &#8211; die H\u00e4lfte davon Kinder.<\/p>\n<p>Am 1. September 2019 predigte der irische Missionar Barry Sloan am R\u00f6thelstein. In der Anmoderation zu seiner Person nannte er den Kampf um Frieden als eine vordringliche Aufgabe. Dabei verwies er besonders auf schmerzvolle Erfahrungen im Konflikt zwischen Protestanten und Katholiken in seinem Land. In der folgenden Predigt \u00fcber Lk.5, 1 ff, betonte er wichtige Schritte des befreienden Glaubens an Jesus Christus. Dazu z\u00e4hlt das H\u00f6ren auf Gott, das mutige \u201eHinausfahren auf tiefes Wasser\u201c, aber auch die realistische Anerkennung der Wege Gottes. <em>Am Beispiel einer riskanten Motorradfahrt als Sozius lernte er, den Lebensweg Gottes in seinen Leben anzuerkennen.<\/em> Gott erf\u00fcllt uns nicht alle W\u00fcnsche.<\/p>\n<p>Das sch\u00f6ne Wetter dieses Open Air- Gottesdienstes fand seinen Abschluss in einem \u00fcberraschenden Platzregen. Nicht allen Besuchern -aber der Natur- tat das gut!<\/p>\n<p><img loading=\"lazy\" decoding=\"async\" class=\"alignnone wp-image-224\" src=\"http:\/\/efg-hammerbruecke.de\/wordpress\/wp-content\/uploads\/2019\/10\/19-09-05-R\u00f6thelstein-300x225.jpg\" alt=\"\" width=\"513\" height=\"385\" srcset=\"https:\/\/efg-hammerbruecke.de\/wordpress\/wp-content\/uploads\/2019\/10\/19-09-05-R\u00f6thelstein-300x225.jpg 300w, https:\/\/efg-hammerbruecke.de\/wordpress\/wp-content\/uploads\/2019\/10\/19-09-05-R\u00f6thelstein-768x576.jpg 768w, https:\/\/efg-hammerbruecke.de\/wordpress\/wp-content\/uploads\/2019\/10\/19-09-05-R\u00f6thelstein-1024x768.jpg 1024w, https:\/\/efg-hammerbruecke.de\/wordpress\/wp-content\/uploads\/2019\/10\/19-09-05-R\u00f6thelstein-1200x900.jpg 1200w\" sizes=\"auto, (max-width: 513px) 85vw, 513px\" \/><\/p>\n<p><strong>DEMONSTRATION AM BADESEE <\/strong><\/p>\n<p>Ebenfalls am Sonntag, dem 1. September demonstrierten am Badesee Muldenberg junge Menschen verschiedenen Alters ihre Entschlossenheit, ein neues Leben mit Jesus Christus zu beginnen. Ihre Taufe war begleitet von ergreifenden, pers\u00f6nlichen Zeugnissen vor den Besuchern am Strand.<\/p>\n<p><img loading=\"lazy\" decoding=\"async\" class=\"alignnone wp-image-225\" src=\"http:\/\/efg-hammerbruecke.de\/wordpress\/wp-content\/uploads\/2019\/10\/19-09-05-Taufe-300x224.jpg\" alt=\"\" width=\"512\" height=\"382\" srcset=\"https:\/\/efg-hammerbruecke.de\/wordpress\/wp-content\/uploads\/2019\/10\/19-09-05-Taufe-300x224.jpg 300w, https:\/\/efg-hammerbruecke.de\/wordpress\/wp-content\/uploads\/2019\/10\/19-09-05-Taufe-768x575.jpg 768w, https:\/\/efg-hammerbruecke.de\/wordpress\/wp-content\/uploads\/2019\/10\/19-09-05-Taufe-1024x766.jpg 1024w, https:\/\/efg-hammerbruecke.de\/wordpress\/wp-content\/uploads\/2019\/10\/19-09-05-Taufe-1200x898.jpg 1200w\" sizes=\"auto, (max-width: 512px) 85vw, 512px\" \/><\/p>\n<p>Nach dem Kalender waren nun am 1. September 2019 schon wieder 244 Tage dieses Jahres vergangen.<\/p>\n<p>Wie nutzen wir die Restlichen? (121)<\/p>\n<p><strong>\u201eSuche FRIEDEN und jage ihm nach!\u201c <\/strong>(Die Bibel in Psalm 34,15; aktuelle Jahreslosung)<\/p>\n<p><em>(Text &amp; Fotos \u00a9 <a href=\"mailto:Johannes@Pucklitzsch.net\">Johannes Pucklitzsch<\/a>)<\/em><\/p>\n<p>&nbsp;<\/p>\n","protected":false},"excerpt":{"rendered":"<p>\u00dcBER HERBSTANFANG UND FRIEDEN Am 1. September 1939 begann in der j\u00fcngeren\u00a0 Geschichte mit dem deutschen \u00dcberfall auf Polen, der 2. Weltkrieg. (Weltfriedenstag) Am 1. September 2004 st\u00fcrmten tschetschenische Separatisten eine Schule in der Kleinstadt Beslan. Bei der Befreiung starben mehr als 330 Geiseln &#8211; die H\u00e4lfte davon Kinder. Am 1. September 2019 predigte der &hellip; <a href=\"https:\/\/efg-hammerbruecke.de\/wordpress\/?page_id=233\" class=\"more-link\"><span class=\"screen-reader-text\">&#8222;2019-09 Herbst &#038; Frieden&#8220; <\/span>weiterlesen<\/a><\/p>\n","protected":false},"author":3,"featured_media":0,"parent":118,"menu_order":6,"comment_status":"closed","ping_status":"closed","template":"","meta":{"footnotes":""},"class_list":["post-233","page","type-page","status-publish","hentry"],"_links":{"self":[{"href":"https:\/\/efg-hammerbruecke.de\/wordpress\/index.php?rest_route=\/wp\/v2\/pages\/233","targetHints":{"allow":["GET"]}}],"collection":[{"href":"https:\/\/efg-hammerbruecke.de\/wordpress\/index.php?rest_route=\/wp\/v2\/pages"}],"about":[{"href":"https:\/\/efg-hammerbruecke.de\/wordpress\/index.php?rest_route=\/wp\/v2\/types\/page"}],"author":[{"embeddable":true,"href":"https:\/\/efg-hammerbruecke.de\/wordpress\/index.php?rest_route=\/wp\/v2\/users\/3"}],"replies":[{"embeddable":true,"href":"https:\/\/efg-hammerbruecke.de\/wordpress\/index.php?rest_route=%2Fwp%2Fv2%2Fcomments&post=233"}],"version-history":[{"count":2,"href":"https:\/\/efg-hammerbruecke.de\/wordpress\/index.php?rest_route=\/wp\/v2\/pages\/233\/revisions"}],"predecessor-version":[{"id":244,"href":"https:\/\/efg-hammerbruecke.de\/wordpress\/index.php?rest_route=\/wp\/v2\/pages\/233\/revisions\/244"}],"up":[{"embeddable":true,"href":"https:\/\/efg-hammerbruecke.de\/wordpress\/index.php?rest_route=\/wp\/v2\/pages\/118"}],"wp:attachment":[{"href":"https:\/\/efg-hammerbruecke.de\/wordpress\/index.php?rest_route=%2Fwp%2Fv2%2Fmedia&parent=233"}],"curies":[{"name":"wp","href":"https:\/\/api.w.org\/{rel}","templated":true}]}}

<p><strong>ÜBER HERBSTANFANG UND FRIEDEN<br />
</strong></p>
<p>Am 1. September 1939 begann in der jüngeren  Geschichte mit dem deutschen Überfall auf Polen, der 2. Weltkrieg. (Weltfriedenstag)</p>
<p>Am 1. September 2004 stürmten tschetschenische Separatisten eine Schule in der Kleinstadt Beslan. Bei der Befreiung starben mehr als 330 Geiseln &#8211; die Hälfte davon Kinder.</p>
<p>Am 1. September 2019 predigte der irische Missionar Barry Sloan am Röthelstein. In der Anmoderation zu seiner Person nannte er den Kampf um Frieden als eine vordringliche Aufgabe. Dabei verwies er besonders auf schmerzvolle Erfahrungen im Konflikt zwischen Protestanten und Katholiken in seinem Land. In der folgenden Predigt über Lk.5, 1 ff, betonte er wichtige Schritte des befreienden Glaubens an Jesus Christus. Dazu zählt das Hören auf Gott, das mutige „Hinausfahren auf tiefes Wasser“, aber auch die realistische Anerkennung der Wege Gottes. <em>Am Beispiel einer riskanten Motorradfahrt als Sozius lernte er, den Lebensweg Gottes in seinen Leben anzuerkennen.</em> Gott erfüllt uns nicht alle Wünsche.</p>
<p>Das schöne Wetter dieses Open Air- Gottesdienstes fand seinen Abschluss in einem überraschenden Platzregen. Nicht allen Besuchern -aber der Natur- tat das gut!</p>
<p><img loading="lazy" decoding="async" class="alignnone wp-image-224" src="http://efg-hammerbruecke.de/wordpress/wp-content/uploads/2019/10/19-09-05-Röthelstein-300x225.jpg" alt="" width="513" height="385" srcset="https://efg-hammerbruecke.de/wordpress/wp-content/uploads/2019/10/19-09-05-Röthelstein-300x225.jpg 300w, https://efg-hammerbruecke.de/wordpress/wp-content/uploads/2019/10/19-09-05-Röthelstein-768x576.jpg 768w, https://efg-hammerbruecke.de/wordpress/wp-content/uploads/2019/10/19-09-05-Röthelstein-1024x768.jpg 1024w, https://efg-hammerbruecke.de/wordpress/wp-content/uploads/2019/10/19-09-05-Röthelstein-1200x900.jpg 1200w" sizes="auto, (max-width: 513px) 85vw, 513px" /></p>
<p><strong>DEMONSTRATION AM BADESEE </strong></p>
<p>Ebenfalls am Sonntag, dem 1. September demonstrierten am Badesee Muldenberg junge Menschen verschiedenen Alters ihre Entschlossenheit, ein neues Leben mit Jesus Christus zu beginnen. Ihre Taufe war begleitet von ergreifenden, persönlichen Zeugnissen vor den Besuchern am Strand.</p>
<p><img loading="lazy" decoding="async" class="alignnone wp-image-225" src="http://efg-hammerbruecke.de/wordpress/wp-content/uploads/2019/10/19-09-05-Taufe-300x224.jpg" alt="" width="512" height="382" srcset="https://efg-hammerbruecke.de/wordpress/wp-content/uploads/2019/10/19-09-05-Taufe-300x224.jpg 300w, https://efg-hammerbruecke.de/wordpress/wp-content/uploads/2019/10/19-09-05-Taufe-768x575.jpg 768w, https://efg-hammerbruecke.de/wordpress/wp-content/uploads/2019/10/19-09-05-Taufe-1024x766.jpg 1024w, https://efg-hammerbruecke.de/wordpress/wp-content/uploads/2019/10/19-09-05-Taufe-1200x898.jpg 1200w" sizes="auto, (max-width: 512px) 85vw, 512px" /></p>
<p>Nach dem Kalender waren nun am 1. September 2019 schon wieder 244 Tage dieses Jahres vergangen.</p>
<p>Wie nutzen wir die Restlichen? (121)</p>
<p><strong>„Suche FRIEDEN und jage ihm nach!“ </strong>(Die Bibel in Psalm 34,15; aktuelle Jahreslosung)</p>
<p><em>(Text &amp; Fotos © <a href="mailto:Johannes@Pucklitzsch.net">Johannes Pucklitzsch</a>)</em></p>
<p>&nbsp;</p>

<p>ÜBER HERBSTANFANG UND FRIEDEN Am 1. September 1939 begann in der jüngeren  Geschichte mit dem deutschen Überfall auf Polen, der 2. Weltkrieg. (Weltfriedenstag) Am 1. September 2004 stürmten tschetschenische Separatisten eine Schule in der Kleinstadt Beslan. Bei der Befreiung starben mehr als 330 Geiseln &#8211; die Hälfte davon Kinder. Am 1. September 2019 predigte der &hellip; <a href="https://efg-hammerbruecke.de/wordpress/?page_id=233" class="more-link"><span class="screen-reader-text">&#8222;2019-09 Herbst &#038; Frieden&#8220; </span>weiterlesen</a></p>
