{"id":218,"date":"2019-10-10T05:20:38","date_gmt":"2019-10-10T05:20:38","guid":{"rendered":"http:\/\/efg-hammerbruecke.de\/?page_id=218"},"modified":"2019-11-17T19:47:28","modified_gmt":"2019-11-17T19:47:28","slug":"impulse-fuer-realisten","status":"publish","type":"page","link":"https:\/\/efg-hammerbruecke.de\/wordpress\/?page_id=218","title":{"rendered":"2019-07 Impulse f\u00fcr Realisten"},"content":{"rendered":"<p><strong>IMPULSE F\u00dcR REALISTEN<\/strong><\/p>\n<p>Madelaine Delbr\u0207l hat von 1904 \u2013 64 in Frankreich gelebt. Sie war eine bekennende Christin und hat als Sozialarbeiter gearbeitet. Dabei bemerkte sie den fehlenden Zusammenhang zwischen der Realit\u00e4t des Alltags und der sonnt\u00e4glichen Predigt des Evangeliums. In einer Kritik zur verb\u00fcrgerlichten, nur mit sich besch\u00e4ftigten Gewohnheitskirche (oder Freikirche) schreibt sie: \u201eWir verk\u00fcnden keine gute Nachricht, weil das Evangelium keine Neuigkeit mehr f\u00fcr uns ist\u2026 \u00a0Wir verteidigen Gott, wie unser Eigentum, wir verk\u00fcndigen ihn nicht wie das Leben allen Lebens\u2026!\u201c <em>(Quelle: Christ in der Gegenwart, 41\/14)<\/em><\/p>\n<p>In der Bibel wird uns jedoch die Realit\u00e4t des Alltags nicht verschwiegen. Der Apostel Paulus schreibt in 1. Kor.2, 2-5: \u201eDenn ich nahm mir vor, nichts anderes unter euch zu wissen, als nur Jesus Christus, und ihn als gekreuzigt! Und ich war bei euch in Schwachheit und mit Furcht und vielen Zittern; und meine Rede und meine Predigt bestand nicht aus \u00fcberredenden Worten der Weisheit, sondern in der Erweisung des Geistes und der Kraft, damit euer Glaube nicht auf Menschenweisheit, sondern auf Gottes Kraft beruhe.\u201c<\/p>\n<p>Nicht in Wahlversprechen oder Sonntagsreden, sondern im realen Leben erweist sich die Glaubw\u00fcrdigkeit der Kraft Gottes.<\/p>\n<p><em>(Text \u00a9 <a href=\"mailto:Johannes@Pucklitzsch.net\">Johannes Pucklitzsch<\/a>)<\/em><\/p>\n<p>&nbsp;<\/p>\n","protected":false},"excerpt":{"rendered":"<p>IMPULSE F\u00dcR REALISTEN Madelaine Delbr\u0207l hat von 1904 \u2013 64 in Frankreich gelebt. Sie war eine bekennende Christin und hat als Sozialarbeiter gearbeitet. Dabei bemerkte sie den fehlenden Zusammenhang zwischen der Realit\u00e4t des Alltags und der sonnt\u00e4glichen Predigt des Evangeliums. In einer Kritik zur verb\u00fcrgerlichten, nur mit sich besch\u00e4ftigten Gewohnheitskirche (oder Freikirche) schreibt sie: \u201eWir &hellip; <a href=\"https:\/\/efg-hammerbruecke.de\/wordpress\/?page_id=218\" class=\"more-link\"><span class=\"screen-reader-text\">&#8222;2019-07 Impulse f\u00fcr Realisten&#8220; <\/span>weiterlesen<\/a><\/p>\n","protected":false},"author":3,"featured_media":0,"parent":118,"menu_order":5,"comment_status":"closed","ping_status":"closed","template":"","meta":{"footnotes":""},"class_list":["post-218","page","type-page","status-publish","hentry"],"_links":{"self":[{"href":"https:\/\/efg-hammerbruecke.de\/wordpress\/index.php?rest_route=\/wp\/v2\/pages\/218","targetHints":{"allow":["GET"]}}],"collection":[{"href":"https:\/\/efg-hammerbruecke.de\/wordpress\/index.php?rest_route=\/wp\/v2\/pages"}],"about":[{"href":"https:\/\/efg-hammerbruecke.de\/wordpress\/index.php?rest_route=\/wp\/v2\/types\/page"}],"author":[{"embeddable":true,"href":"https:\/\/efg-hammerbruecke.de\/wordpress\/index.php?rest_route=\/wp\/v2\/users\/3"}],"replies":[{"embeddable":true,"href":"https:\/\/efg-hammerbruecke.de\/wordpress\/index.php?rest_route=%2Fwp%2Fv2%2Fcomments&post=218"}],"version-history":[{"count":2,"href":"https:\/\/efg-hammerbruecke.de\/wordpress\/index.php?rest_route=\/wp\/v2\/pages\/218\/revisions"}],"predecessor-version":[{"id":243,"href":"https:\/\/efg-hammerbruecke.de\/wordpress\/index.php?rest_route=\/wp\/v2\/pages\/218\/revisions\/243"}],"up":[{"embeddable":true,"href":"https:\/\/efg-hammerbruecke.de\/wordpress\/index.php?rest_route=\/wp\/v2\/pages\/118"}],"wp:attachment":[{"href":"https:\/\/efg-hammerbruecke.de\/wordpress\/index.php?rest_route=%2Fwp%2Fv2%2Fmedia&parent=218"}],"curies":[{"name":"wp","href":"https:\/\/api.w.org\/{rel}","templated":true}]}}

2019-07 Impulse für Realisten

<p><strong>IMPULSE FÜR REALISTEN</strong></p>
<p>Madelaine Delbrȇl hat von 1904 – 64 in Frankreich gelebt. Sie war eine bekennende Christin und hat als Sozialarbeiter gearbeitet. Dabei bemerkte sie den fehlenden Zusammenhang zwischen der Realität des Alltags und der sonntäglichen Predigt des Evangeliums. In einer Kritik zur verbürgerlichten, nur mit sich beschäftigten Gewohnheitskirche (oder Freikirche) schreibt sie: „Wir verkünden keine gute Nachricht, weil das Evangelium keine Neuigkeit mehr für uns ist…  Wir verteidigen Gott, wie unser Eigentum, wir verkündigen ihn nicht wie das Leben allen Lebens…!“ <em>(Quelle: Christ in der Gegenwart, 41/14)</em></p>
<p>In der Bibel wird uns jedoch die Realität des Alltags nicht verschwiegen. Der Apostel Paulus schreibt in 1. Kor.2, 2-5: „Denn ich nahm mir vor, nichts anderes unter euch zu wissen, als nur Jesus Christus, und ihn als gekreuzigt! Und ich war bei euch in Schwachheit und mit Furcht und vielen Zittern; und meine Rede und meine Predigt bestand nicht aus überredenden Worten der Weisheit, sondern in der Erweisung des Geistes und der Kraft, damit euer Glaube nicht auf Menschenweisheit, sondern auf Gottes Kraft beruhe.“</p>
<p>Nicht in Wahlversprechen oder Sonntagsreden, sondern im realen Leben erweist sich die Glaubwürdigkeit der Kraft Gottes.</p>
<p><em>(Text © <a href="mailto:Johannes@Pucklitzsch.net">Johannes Pucklitzsch</a>)</em></p>
<p>&nbsp;</p>

<p>IMPULSE FÜR REALISTEN Madelaine Delbrȇl hat von 1904 – 64 in Frankreich gelebt. Sie war eine bekennende Christin und hat als Sozialarbeiter gearbeitet. Dabei bemerkte sie den fehlenden Zusammenhang zwischen der Realität des Alltags und der sonntäglichen Predigt des Evangeliums. In einer Kritik zur verbürgerlichten, nur mit sich beschäftigten Gewohnheitskirche (oder Freikirche) schreibt sie: „Wir &hellip; <a href="https://efg-hammerbruecke.de/wordpress/?page_id=218" class="more-link"><span class="screen-reader-text">&#8222;2019-07 Impulse für Realisten&#8220; </span>weiterlesen</a></p>
